CRAN Package Check Results for Package synRNASeqNet

Last updated on 2020-12-04 00:48:36 CET.

Flavor Version Tinstall Tcheck Ttotal Status Flags
r-devel-linux-x86_64-debian-clang 1.0 4.18 41.09 45.27 NOTE
r-devel-linux-x86_64-debian-gcc 1.0 3.06 31.84 34.90 NOTE
r-devel-linux-x86_64-fedora-clang 1.0 58.21 NOTE
r-devel-linux-x86_64-fedora-gcc 1.0 48.71 NOTE
r-devel-windows-ix86+x86_64 1.0 7.00 54.00 61.00 NOTE
r-patched-linux-x86_64 1.0 4.17 38.62 42.79 NOTE
r-patched-solaris-x86 1.0 108.10 NOTE
r-release-linux-x86_64 1.0 4.60 40.07 44.67 NOTE
r-release-macos-x86_64 1.0 NOTE
r-release-windows-ix86+x86_64 1.0 6.00 68.00 74.00 NOTE
r-oldrel-macos-x86_64 1.0 NOTE
r-oldrel-windows-ix86+x86_64 1.0 5.00 68.00 73.00 NOTE

Check Details

Version: 1.0
Check: R code for possible problems
Result: NOTE
    mainNetFunction: no visible global function definition for 'png'
    mainNetFunction: no visible global function definition for 'lines'
    mainNetFunction: no visible global function definition for 'legend'
    mainNetFunction: no visible global function definition for 'dev.off'
    plotROC: no visible global function definition for 'lines'
    simulatedData: no visible global function definition for 'rpois'
    simulatedData : <anonymous>: no visible global function definition for
     'rpois'
    simulatedData : rlognormpois: no visible global function definition for
     'rnorm'
    simulatedData : rlognormpois: no visible global function definition for
     'rpois'
    Undefined global functions or variables:
     dev.off legend lines png rnorm rpois
    Consider adding
     importFrom("grDevices", "dev.off", "png")
     importFrom("graphics", "legend", "lines")
     importFrom("stats", "rnorm", "rpois")
    to your NAMESPACE file.
Flavors: r-devel-linux-x86_64-debian-clang, r-devel-linux-x86_64-debian-gcc, r-devel-linux-x86_64-fedora-clang, r-devel-linux-x86_64-fedora-gcc, r-devel-windows-ix86+x86_64, r-patched-linux-x86_64, r-patched-solaris-x86, r-release-linux-x86_64, r-release-macos-x86_64, r-release-windows-ix86+x86_64

Version: 1.0
Check: R code for possible problems
Result: NOTE
    mainNetFunction: no visible global function definition for ‘png’
    mainNetFunction: no visible global function definition for ‘plot’
    mainNetFunction: no visible global function definition for ‘lines’
    mainNetFunction: no visible global function definition for ‘legend’
    mainNetFunction: no visible global function definition for ‘dev.off’
    plotPR: no visible global function definition for ‘plot’
    plotROC: no visible global function definition for ‘plot’
    plotROC: no visible global function definition for ‘lines’
    simulatedData: no visible global function definition for ‘rpois’
    simulatedData : <anonymous>: no visible global function definition for
     ‘rpois’
    simulatedData : rlognormpois: no visible global function definition for
     ‘rnorm’
    simulatedData : rlognormpois: no visible global function definition for
     ‘rpois’
    Undefined global functions or variables:
     dev.off legend lines plot png rnorm rpois
    Consider adding
     importFrom("grDevices", "dev.off", "png")
     importFrom("graphics", "legend", "lines", "plot")
     importFrom("stats", "rnorm", "rpois")
    to your NAMESPACE file.
Flavors: r-oldrel-macos-x86_64, r-oldrel-windows-ix86+x86_64