CRAN Package Check Results for Package symmetry

Last updated on 2020-12-04 00:48:36 CET.

Flavor Version Tinstall Tcheck Ttotal Status Flags
r-devel-linux-x86_64-debian-clang 0.2.1 230.43 35.70 266.13 OK
r-devel-linux-x86_64-debian-gcc 0.2.1 130.61 30.06 160.67 OK
r-devel-linux-x86_64-fedora-clang 0.2.1 383.70 NOTE
r-devel-linux-x86_64-fedora-gcc 0.2.1 310.59 OK
r-devel-windows-ix86+x86_64 0.2.1 500.00 73.00 573.00 OK
r-patched-linux-x86_64 0.2.1 166.81 36.27 203.08 OK
r-patched-solaris-x86 0.2.1 265.40 OK
r-release-linux-x86_64 0.2.1 159.51 36.31 195.82 OK
r-release-macos-x86_64 0.2.1 OK
r-release-windows-ix86+x86_64 0.2.1 364.00 77.00 441.00 OK
r-oldrel-macos-x86_64 0.2.1 OK
r-oldrel-windows-ix86+x86_64 0.2.1 373.00 77.00 450.00 OK

Check Details

Version: 0.2.1
Check: installed package size
Result: NOTE
     installed size is 7.4Mb
     sub-directories of 1Mb or more:
     libs 7.2Mb
Flavor: r-devel-linux-x86_64-fedora-clang