Last updated on 2020-12-04 00:48:36 CET.
Flavor | Version | Tinstall | Tcheck | Ttotal | Status | Flags |
---|---|---|---|---|---|---|
r-devel-linux-x86_64-debian-clang | 0.1.5 | 382.38 | 135.12 | 517.50 | OK | |
r-devel-linux-x86_64-debian-gcc | 0.1.5 | 330.07 | 90.63 | 420.70 | OK | |
r-devel-linux-x86_64-fedora-clang | 0.1.5 | 796.10 | NOTE | |||
r-devel-linux-x86_64-fedora-gcc | 0.1.5 | 787.54 | NOTE | |||
r-devel-windows-ix86+x86_64 | 0.1.5 | 80.00 | 189.00 | 269.00 | NOTE | |
r-patched-linux-x86_64 | 0.1.5 | 394.53 | 113.65 | 508.18 | OK | |
r-patched-solaris-x86 | 0.1.5 | 631.80 | NOTE | |||
r-release-linux-x86_64 | 0.1.5 | 384.63 | 112.81 | 497.44 | OK | |
r-release-macos-x86_64 | 0.1.5 | NOTE | ||||
r-release-windows-ix86+x86_64 | 0.1.5 | 62.00 | 208.00 | 270.00 | NOTE | |
r-oldrel-macos-x86_64 | 0.1.5 | NOTE | ||||
r-oldrel-windows-ix86+x86_64 | 0.1.5 | 62.00 | 218.00 | 280.00 | NOTE |
Version: 0.1.5
Check: installed package size
Result: NOTE
installed size is 41.0Mb
sub-directories of 1Mb or more:
libs 40.2Mb
Flavors: r-devel-linux-x86_64-fedora-clang, r-devel-windows-ix86+x86_64, r-patched-solaris-x86, r-release-macos-x86_64, r-release-windows-ix86+x86_64, r-oldrel-macos-x86_64, r-oldrel-windows-ix86+x86_64
Version: 0.1.5
Check: for GNU extensions in Makefiles
Result: NOTE
GNU make is a SystemRequirements.
Flavors: r-devel-linux-x86_64-fedora-clang, r-devel-linux-x86_64-fedora-gcc, r-release-macos-x86_64, r-oldrel-macos-x86_64