Last updated on 2020-12-04 00:48:36 CET.
Flavor | Version | Tinstall | Tcheck | Ttotal | Status | Flags |
---|---|---|---|---|---|---|
r-devel-linux-x86_64-debian-clang | 0.1-6 | 4.04 | 39.99 | 44.03 | NOTE | |
r-devel-linux-x86_64-debian-gcc | 0.1-6 | 3.92 | 31.30 | 35.22 | NOTE | |
r-devel-linux-x86_64-fedora-clang | 0.1-6 | 58.48 | NOTE | |||
r-devel-linux-x86_64-fedora-gcc | 0.1-6 | 48.96 | NOTE | |||
r-devel-windows-ix86+x86_64 | 0.1-6 | 13.00 | 42.00 | 55.00 | NOTE | |
r-patched-linux-x86_64 | 0.1-6 | 4.31 | 38.22 | 42.53 | NOTE | |
r-patched-solaris-x86 | 0.1-6 | 69.80 | NOTE | |||
r-release-linux-x86_64 | 0.1-6 | 4.43 | 38.51 | 42.94 | NOTE | |
r-release-macos-x86_64 | 0.1-6 | NOTE | ||||
r-release-windows-ix86+x86_64 | 0.1-6 | 9.00 | 49.00 | 58.00 | NOTE | |
r-oldrel-macos-x86_64 | 0.1-6 | NOTE | ||||
r-oldrel-windows-ix86+x86_64 | 0.1-6 | 7.00 | 51.00 | 58.00 | NOTE |
Version: 0.1-6
Check: package dependencies
Result: NOTE
Packages suggested but not available for checking: 'sylly.de', 'sylly.es'
Flavors: r-devel-linux-x86_64-debian-clang, r-devel-linux-x86_64-debian-gcc, r-devel-linux-x86_64-fedora-clang, r-devel-linux-x86_64-fedora-gcc, r-devel-windows-ix86+x86_64, r-patched-linux-x86_64, r-patched-solaris-x86, r-release-linux-x86_64, r-release-macos-x86_64, r-release-windows-ix86+x86_64, r-oldrel-macos-x86_64, r-oldrel-windows-ix86+x86_64