CRAN Package Check Results for Package sybilSBML

Last updated on 2020-12-04 00:48:36 CET.

Flavor Version Tinstall Tcheck Ttotal Status Flags
r-devel-linux-x86_64-debian-clang 3.1.2 24.12 99.48 123.60 OK
r-devel-linux-x86_64-debian-gcc 3.1.2 18.13 79.94 98.07 OK
r-devel-linux-x86_64-fedora-clang 3.1.2 154.67 OK
r-devel-linux-x86_64-fedora-gcc 3.1.2 149.35 OK
r-devel-windows-ix86+x86_64 3.1.2 41.00 222.00 263.00 NOTE
r-patched-linux-x86_64 3.1.2 20.27 95.12 115.39 OK
r-release-linux-x86_64 3.1.2 19.71 95.38 115.09 OK
r-release-macos-x86_64 3.1.2 ERROR
r-release-windows-ix86+x86_64 3.1.2 29.00 257.00 286.00 NOTE
r-oldrel-macos-x86_64 3.1.2 ERROR
r-oldrel-windows-ix86+x86_64 3.1.2 30.00 249.00 279.00 NOTE

Check Details

Version: 3.1.2
Check: installed package size
Result: NOTE
     installed size is 13.2Mb
     sub-directories of 1Mb or more:
     libs 12.4Mb
Flavors: r-devel-windows-ix86+x86_64, r-release-windows-ix86+x86_64, r-oldrel-windows-ix86+x86_64

Version: 3.1.2
Check: whether package can be installed
Result: ERROR
    Installation failed.
Flavors: r-release-macos-x86_64, r-oldrel-macos-x86_64