CRAN Package Check Results for Package swissparl

Last updated on 2020-12-04 00:48:36 CET.

Flavor Version Tinstall Tcheck Ttotal Status Flags
r-devel-linux-x86_64-debian-clang 0.2.1 6.31 44.90 51.21 OK
r-devel-linux-x86_64-debian-gcc 0.2.1 4.71 38.99 43.70 OK
r-devel-linux-x86_64-fedora-clang 0.2.1 69.13 NOTE
r-devel-linux-x86_64-fedora-gcc 0.2.1 58.94 NOTE
r-devel-windows-ix86+x86_64 0.2.1 13.00 44.00 57.00 OK
r-patched-linux-x86_64 0.2.1 6.26 43.59 49.85 OK
r-patched-solaris-x86 0.2.1 87.00 NOTE
r-release-linux-x86_64 0.2.1 5.66 41.87 47.53 OK
r-release-macos-x86_64 0.2.1 NOTE
r-release-windows-ix86+x86_64 0.2.1 10.00 56.00 66.00 OK
r-oldrel-macos-x86_64 0.2.1 NOTE
r-oldrel-windows-ix86+x86_64 0.2.1 9.00 58.00 67.00 OK

Check Details

Version: 0.2.1
Check: dependencies in R code
Result: NOTE
    Namespace in Imports field not imported from: ‘lubridate’
     All declared Imports should be used.
Flavors: r-devel-linux-x86_64-fedora-clang, r-devel-linux-x86_64-fedora-gcc, r-patched-solaris-x86, r-release-macos-x86_64, r-oldrel-macos-x86_64