CRAN Package Check Results for Package swfscDAS

Last updated on 2020-12-04 00:48:36 CET.

Flavor Version Tinstall Tcheck Ttotal Status Flags
r-devel-linux-x86_64-debian-clang 0.4.0 15.09 155.69 170.78 OK
r-devel-linux-x86_64-debian-gcc 0.4.0 14.36 120.20 134.56 OK
r-devel-linux-x86_64-fedora-clang 0.4.0 214.53 NOTE
r-devel-linux-x86_64-fedora-gcc 0.4.0 207.60 NOTE
r-devel-windows-ix86+x86_64 0.4.0 32.00 126.00 158.00 OK
r-patched-linux-x86_64 0.4.0 14.32 148.82 163.14 OK
r-patched-solaris-x86 0.4.0 283.50 NOTE
r-release-linux-x86_64 0.4.0 15.56 151.66 167.22 OK
r-release-macos-x86_64 0.4.0 NOTE
r-release-windows-ix86+x86_64 0.4.0 23.00 163.00 186.00 OK
r-oldrel-macos-x86_64 0.4.0 NOTE
r-oldrel-windows-ix86+x86_64 0.4.0 34.00 175.00 209.00 OK

Check Details

Version: 0.4.0
Check: dependencies in R code
Result: NOTE
    Namespace in Imports field not imported from: ‘methods’
     All declared Imports should be used.
Flavors: r-devel-linux-x86_64-fedora-clang, r-devel-linux-x86_64-fedora-gcc, r-patched-solaris-x86, r-release-macos-x86_64, r-oldrel-macos-x86_64