Last updated on 2020-12-04 00:48:36 CET.
Flavor | Version | Tinstall | Tcheck | Ttotal | Status | Flags |
---|---|---|---|---|---|---|
r-devel-linux-x86_64-debian-clang | 0.3.0 | 39.79 | 40.37 | 80.16 | NOTE | |
r-devel-linux-x86_64-debian-gcc | 0.3.0 | 31.88 | 30.13 | 62.01 | NOTE | |
r-devel-linux-x86_64-fedora-clang | 0.3.0 | 113.00 | NOTE | |||
r-devel-linux-x86_64-fedora-gcc | 0.3.0 | 104.48 | NOTE | |||
r-devel-windows-ix86+x86_64 | 0.3.0 | 132.00 | 65.00 | 197.00 | NOTE | |
r-patched-linux-x86_64 | 0.3.0 | 37.80 | 35.26 | 73.06 | NOTE | |
r-patched-solaris-x86 | 0.3.0 | 110.20 | NOTE | |||
r-release-linux-x86_64 | 0.3.0 | 37.99 | 37.57 | 75.56 | NOTE | |
r-release-macos-x86_64 | 0.3.0 | NOTE | ||||
r-release-windows-ix86+x86_64 | 0.3.0 | 103.00 | 83.00 | 186.00 | NOTE | |
r-oldrel-macos-x86_64 | 0.3.0 | NOTE | ||||
r-oldrel-windows-ix86+x86_64 | 0.3.0 | 96.00 | 80.00 | 176.00 | NOTE |
Version: 0.3.0
Check: package dependencies
Result: NOTE
Package suggested but not available for checking: 'swephRdata'
Flavors: r-devel-linux-x86_64-debian-clang, r-devel-linux-x86_64-debian-gcc, r-devel-linux-x86_64-fedora-clang, r-devel-linux-x86_64-fedora-gcc, r-devel-windows-ix86+x86_64, r-patched-linux-x86_64, r-patched-solaris-x86, r-release-linux-x86_64, r-release-macos-x86_64, r-release-windows-ix86+x86_64, r-oldrel-macos-x86_64, r-oldrel-windows-ix86+x86_64