CRAN Package Check Results for Package svars

Last updated on 2020-12-04 00:48:35 CET.

Flavor Version Tinstall Tcheck Ttotal Status Flags
r-devel-linux-x86_64-debian-clang 1.3.5 139.71 199.63 339.34 OK
r-devel-linux-x86_64-debian-gcc 1.3.5 98.64 149.04 247.68 OK
r-devel-linux-x86_64-fedora-clang 1.3.5 435.83 NOTE
r-devel-linux-x86_64-fedora-gcc 1.3.5 407.75 OK
r-devel-windows-ix86+x86_64 1.3.5 305.00 251.00 556.00 OK
r-patched-linux-x86_64 1.3.5 113.28 185.06 298.34 OK
r-patched-solaris-x86 1.3.5 426.20 OK
r-release-linux-x86_64 1.3.5 111.23 185.71 296.94 OK
r-release-macos-x86_64 1.3.5 NOTE
r-release-windows-ix86+x86_64 1.3.5 245.00 307.00 552.00 OK
r-oldrel-macos-x86_64 1.3.5 NOTE
r-oldrel-windows-ix86+x86_64 1.3.5 270.00 339.00 609.00 OK

Check Details

Version: 1.3.5
Check: installed package size
Result: NOTE
     installed size is 9.0Mb
     sub-directories of 1Mb or more:
     help 1.1Mb
     libs 7.3Mb
Flavors: r-devel-linux-x86_64-fedora-clang, r-release-macos-x86_64, r-oldrel-macos-x86_64