CRAN Package Check Results for Package surveillance

Last updated on 2020-12-04 00:48:35 CET.

Flavor Version Tinstall Tcheck Ttotal Status Flags
r-devel-linux-x86_64-debian-clang 1.18.0 77.78 552.26 630.04 NOTE
r-devel-linux-x86_64-debian-gcc 1.18.0 59.85 412.74 472.59 NOTE
r-devel-linux-x86_64-fedora-clang 1.18.0 769.26 NOTE
r-devel-linux-x86_64-fedora-gcc 1.18.0 768.40 OK
r-devel-windows-ix86+x86_64 1.18.0 147.00 473.00 620.00 NOTE --no-vignettes
r-patched-linux-x86_64 1.18.0 65.74 525.09 590.83 NOTE
r-patched-solaris-x86 1.18.0 956.00 NOTE
r-release-linux-x86_64 1.18.0 63.26 522.94 586.20 NOTE
r-release-macos-x86_64 1.18.0 NOTE
r-release-windows-ix86+x86_64 1.18.0 105.00 722.00 827.00 NOTE --no-vignettes
r-oldrel-macos-x86_64 1.18.0 NOTE
r-oldrel-windows-ix86+x86_64 1.18.0 125.00 706.00 831.00 NOTE --no-vignettes

Check Details

Version: 1.18.0
Check: package dependencies
Result: NOTE
    Package suggested but not available for checking: 'INLA'
Flavors: r-devel-linux-x86_64-debian-clang, r-devel-linux-x86_64-debian-gcc, r-patched-linux-x86_64, r-patched-solaris-x86, r-release-linux-x86_64, r-release-macos-x86_64, r-oldrel-macos-x86_64

Version: 1.18.0
Check: installed package size
Result: NOTE
     installed size is 8.6Mb
     sub-directories of 1Mb or more:
     R 1.7Mb
     doc 2.2Mb
     libs 2.1Mb
Flavors: r-devel-linux-x86_64-fedora-clang, r-patched-solaris-x86, r-release-macos-x86_64, r-oldrel-macos-x86_64

Version: 1.18.0
Check: Rd cross-references
Result: NOTE
    Undeclared packages ‘RColorBrewer’, ‘scoringRules’, ‘coin’, ‘gtable’ in Rd xrefs
Flavor: r-devel-linux-x86_64-fedora-clang

Version: 1.18.0
Flags: --no-vignettes
Check: installed package size
Result: NOTE
     installed size is 8.6Mb
     sub-directories of 1Mb or more:
     R 1.7Mb
     doc 2.2Mb
     libs 2.2Mb
Flavors: r-devel-windows-ix86+x86_64, r-release-windows-ix86+x86_64, r-oldrel-windows-ix86+x86_64