Last updated on 2020-12-04 00:48:35 CET.
Flavor | Version | Tinstall | Tcheck | Ttotal | Status | Flags |
---|---|---|---|---|---|---|
r-devel-linux-x86_64-debian-clang | 1.1.1 | 1019.21 | 229.27 | 1248.48 | NOTE | |
r-devel-linux-x86_64-debian-gcc | 1.1.1 | 773.43 | 220.31 | 993.74 | NOTE | |
r-devel-linux-x86_64-fedora-clang | 1.1.1 | 1997.98 | NOTE | |||
r-devel-linux-x86_64-fedora-gcc | 1.1.1 | 2179.92 | NOTE | |||
r-devel-windows-ix86+x86_64 | 1.1.1 | 2472.00 | 359.00 | 2831.00 | NOTE | |
r-patched-linux-x86_64 | 1.1.1 | 839.88 | 273.86 | 1113.74 | NOTE | |
r-patched-solaris-x86 | 1.1.1 | 1719.70 | NOTE | |||
r-release-linux-x86_64 | 1.1.1 | 843.75 | 272.68 | 1116.43 | NOTE | |
r-release-macos-x86_64 | 1.1.1 | NOTE | ||||
r-release-windows-ix86+x86_64 | 1.1.1 | 1898.00 | 368.00 | 2266.00 | NOTE | |
r-oldrel-macos-x86_64 | 1.1.1 | NOTE | ||||
r-oldrel-windows-ix86+x86_64 | 1.1.1 | 2168.00 | 399.00 | 2567.00 | NOTE |
Version: 1.1.1
Check: package dependencies
Result: NOTE
Package suggested but not available for checking: 'INLA'
Flavors: r-devel-linux-x86_64-debian-clang, r-devel-linux-x86_64-debian-gcc, r-patched-linux-x86_64, r-patched-solaris-x86, r-release-linux-x86_64, r-release-macos-x86_64, r-oldrel-macos-x86_64
Version: 1.1.1
Check: for GNU extensions in Makefiles
Result: NOTE
GNU make is a SystemRequirements.
Flavors: r-devel-linux-x86_64-debian-clang, r-devel-linux-x86_64-debian-gcc, r-devel-linux-x86_64-fedora-clang, r-devel-linux-x86_64-fedora-gcc, r-devel-windows-ix86+x86_64, r-patched-linux-x86_64, r-patched-solaris-x86, r-release-linux-x86_64, r-release-macos-x86_64, r-release-windows-ix86+x86_64, r-oldrel-macos-x86_64, r-oldrel-windows-ix86+x86_64
Version: 1.1.1
Check: installed package size
Result: NOTE
installed size is 168.3Mb
sub-directories of 1Mb or more:
libs 167.3Mb
Flavors: r-devel-linux-x86_64-fedora-clang, r-devel-windows-ix86+x86_64, r-patched-solaris-x86, r-release-macos-x86_64, r-release-windows-ix86+x86_64, r-oldrel-macos-x86_64, r-oldrel-windows-ix86+x86_64