CRAN Package Check Results for Package sur

Last updated on 2020-12-04 00:48:35 CET.

Flavor Version Tinstall Tcheck Ttotal Status Flags
r-devel-linux-x86_64-debian-clang 1.0.4 3.58 28.81 32.39 OK
r-devel-linux-x86_64-debian-gcc 1.0.4 2.92 24.07 26.99 OK
r-devel-linux-x86_64-fedora-clang 1.0.4 40.36 NOTE
r-devel-linux-x86_64-fedora-gcc 1.0.4 30.28 NOTE
r-devel-windows-ix86+x86_64 1.0.4 7.00 31.00 38.00 OK
r-patched-linux-x86_64 1.0.4 2.66 24.81 27.47 OK
r-patched-solaris-x86 1.0.4 44.20 NOTE
r-release-linux-x86_64 1.0.4 3.44 26.01 29.45 OK
r-release-macos-x86_64 1.0.4 NOTE
r-release-windows-ix86+x86_64 1.0.4 5.00 40.00 45.00 OK
r-oldrel-macos-x86_64 1.0.4 NOTE
r-oldrel-windows-ix86+x86_64 1.0.4 4.00 39.00 43.00 OK

Check Details

Version: 1.0.4
Check: dependencies in R code
Result: NOTE
    Namespace in Imports field not imported from: ‘learnr’
     All declared Imports should be used.
Flavors: r-devel-linux-x86_64-fedora-clang, r-devel-linux-x86_64-fedora-gcc, r-patched-solaris-x86, r-release-macos-x86_64, r-oldrel-macos-x86_64