CRAN Package Check Results for Package supreme

Last updated on 2020-12-04 00:48:35 CET.

Flavor Version Tinstall Tcheck Ttotal Status Flags
r-devel-linux-x86_64-debian-clang 1.1.0 3.92 34.08 38.00 OK
r-devel-linux-x86_64-debian-gcc 1.1.0 2.80 27.76 30.56 OK
r-devel-linux-x86_64-fedora-clang 1.1.0 48.82 NOTE
r-devel-linux-x86_64-fedora-gcc 1.1.0 38.84 NOTE
r-devel-windows-ix86+x86_64 1.1.0 8.00 34.00 42.00 OK
r-patched-linux-x86_64 1.1.0 3.26 33.57 36.83 OK
r-patched-solaris-x86 1.1.0 62.10 NOTE
r-release-linux-x86_64 1.1.0 3.29 30.63 33.92 OK
r-release-macos-x86_64 1.1.0 NOTE
r-release-windows-ix86+x86_64 1.1.0 6.00 43.00 49.00 OK
r-oldrel-macos-x86_64 1.1.0 NOTE
r-oldrel-windows-ix86+x86_64 1.1.0 5.00 43.00 48.00 OK

Check Details

Version: 1.1.0
Check: dependencies in R code
Result: NOTE
    Namespace in Imports field not imported from: ‘shiny’
     All declared Imports should be used.
Flavors: r-devel-linux-x86_64-fedora-clang, r-devel-linux-x86_64-fedora-gcc, r-patched-solaris-x86, r-release-macos-x86_64, r-oldrel-macos-x86_64