Last updated on 2020-12-04 00:48:35 CET.
Flavor | Version | Tinstall | Tcheck | Ttotal | Status | Flags |
---|---|---|---|---|---|---|
r-devel-linux-x86_64-debian-clang | 0.4-1 | 6.65 | 58.94 | 65.59 | OK | |
r-devel-linux-x86_64-debian-gcc | 0.4-1 | 5.49 | 45.01 | 50.50 | OK | |
r-devel-linux-x86_64-fedora-clang | 0.4-1 | 82.85 | NOTE | |||
r-devel-linux-x86_64-fedora-gcc | 0.4-1 | 73.94 | OK | |||
r-devel-windows-ix86+x86_64 | 0.4-1 | 13.00 | 59.00 | 72.00 | OK | |
r-patched-linux-x86_64 | 0.4-1 | 6.49 | 55.32 | 61.81 | OK | |
r-patched-solaris-x86 | 0.4-1 | 115.20 | OK | |||
r-release-linux-x86_64 | 0.4-1 | 6.64 | 56.31 | 62.95 | OK | |
r-release-macos-x86_64 | 0.4-1 | OK | ||||
r-release-windows-ix86+x86_64 | 0.4-1 | 12.00 | 79.00 | 91.00 | OK | |
r-oldrel-macos-x86_64 | 0.4-1 | OK | ||||
r-oldrel-windows-ix86+x86_64 | 0.4-1 | 10.00 | 72.00 | 82.00 | OK |
Version: 0.4-1
Check: Rd cross-references
Result: NOTE
Undeclared package ‘mded’ in Rd xrefs
Flavor: r-devel-linux-x86_64-fedora-clang