Last updated on 2020-12-04 00:48:35 CET.
Flavor | Version | Tinstall | Tcheck | Ttotal | Status | Flags |
---|---|---|---|---|---|---|
r-devel-linux-x86_64-debian-clang | 0.1.4 | 89.12 | 48.20 | 137.32 | OK | |
r-devel-linux-x86_64-debian-gcc | 0.1.4 | 56.70 | 33.93 | 90.63 | OK | |
r-devel-linux-x86_64-fedora-clang | 0.1.4 | 193.00 | NOTE | |||
r-devel-linux-x86_64-fedora-gcc | 0.1.4 | 160.46 | OK | |||
r-devel-windows-ix86+x86_64 | 0.1.4 | 218.00 | 82.00 | 300.00 | OK | |
r-patched-linux-x86_64 | 0.1.4 | 69.50 | 41.38 | 110.88 | OK | |
r-patched-solaris-x86 | 0.1.4 | 166.30 | OK | |||
r-release-linux-x86_64 | 0.1.4 | 67.09 | 43.63 | 110.72 | OK | |
r-release-macos-x86_64 | 0.1.4 | NOTE | ||||
r-release-windows-ix86+x86_64 | 0.1.4 | 152.00 | 94.00 | 246.00 | OK | |
r-oldrel-macos-x86_64 | 0.1.4 | NOTE | ||||
r-oldrel-windows-ix86+x86_64 | 0.1.4 | 156.00 | 93.00 | 249.00 | OK |
Version: 0.1.4
Check: installed package size
Result: NOTE
installed size is 6.9Mb
sub-directories of 1Mb or more:
libs 3.6Mb
Flavors: r-devel-linux-x86_64-fedora-clang, r-release-macos-x86_64, r-oldrel-macos-x86_64