CRAN Package Check Results for Package sumFREGAT

Last updated on 2020-12-04 00:48:35 CET.

Flavor Version Tinstall Tcheck Ttotal Status Flags
r-devel-linux-x86_64-debian-clang 1.1.0 11.26 76.17 87.43 NOTE
r-devel-linux-x86_64-debian-gcc 1.1.0 11.14 62.56 73.70 NOTE
r-devel-linux-x86_64-fedora-clang 1.1.0 114.22 NOTE
r-devel-linux-x86_64-fedora-gcc 1.1.0 103.94 NOTE
r-devel-windows-ix86+x86_64 1.1.0 27.00 88.00 115.00 OK
r-patched-linux-x86_64 1.1.0 13.08 71.94 85.02 NOTE
r-patched-solaris-x86 1.1.0 151.60 NOTE
r-release-linux-x86_64 1.1.0 11.93 71.57 83.50 NOTE
r-release-macos-x86_64 1.1.0 OK
r-release-windows-ix86+x86_64 1.1.0 19.00 119.00 138.00 OK
r-oldrel-macos-x86_64 1.1.0 OK
r-oldrel-windows-ix86+x86_64 1.1.0 20.00 115.00 135.00 OK

Check Details

Version: 1.1.0
Check: for non-standard things in the check directory
Result: NOTE
    Found the following files/directories:
     'CFH.scores.full.vcf'
Flavors: r-devel-linux-x86_64-debian-clang, r-devel-linux-x86_64-debian-gcc, r-devel-linux-x86_64-fedora-clang, r-devel-linux-x86_64-fedora-gcc, r-patched-linux-x86_64, r-patched-solaris-x86, r-release-linux-x86_64