CRAN Package Check Results for Package subspace

Last updated on 2020-12-04 00:48:35 CET.

Flavor Version Tinstall Tcheck Ttotal Status Flags
r-devel-linux-x86_64-debian-clang 1.0.4 7.47 68.02 75.49 OK
r-devel-linux-x86_64-debian-gcc 1.0.4 6.20 52.69 58.89 OK
r-devel-linux-x86_64-fedora-clang 1.0.4 99.89 OK
r-devel-linux-x86_64-fedora-gcc 1.0.4 89.95 OK
r-devel-windows-ix86+x86_64 1.0.4 16.00 63.00 79.00 OK
r-patched-linux-x86_64 1.0.4 6.90 65.78 72.68 OK
r-patched-solaris-x86 1.0.4 115.70 OK
r-release-linux-x86_64 1.0.4 7.51 64.82 72.33 OK
r-release-macos-x86_64 1.0.4 OK
r-release-windows-ix86+x86_64 1.0.4 13.00 87.00 100.00 OK
r-oldrel-macos-x86_64 1.0.4 OK
r-oldrel-windows-ix86+x86_64 1.0.4 7.00 7.00 14.00 ERROR

Check Details

Version: 1.0.4
Check: whether package can be installed
Result: ERROR
    Installation failed.
Flavor: r-oldrel-windows-ix86+x86_64