Last updated on 2020-12-04 00:48:35 CET.
Flavor | Version | Tinstall | Tcheck | Ttotal | Status | Flags |
---|---|---|---|---|---|---|
r-devel-linux-x86_64-debian-clang | 1.5.3 | 159.03 | 55.87 | 214.90 | OK | |
r-devel-linux-x86_64-debian-gcc | 1.5.3 | 85.00 | 42.61 | 127.61 | OK | |
r-devel-linux-x86_64-fedora-clang | 1.5.3 | 304.17 | NOTE | |||
r-devel-linux-x86_64-fedora-gcc | 1.5.3 | 247.89 | OK | |||
r-devel-windows-ix86+x86_64 | 1.5.3 | 1418.00 | 104.00 | 1522.00 | NOTE | |
r-patched-linux-x86_64 | 1.5.3 | 118.84 | 55.69 | 174.53 | OK | |
r-patched-solaris-x86 | 1.5.3 | 465.30 | WARN | |||
r-release-linux-x86_64 | 1.5.3 | 115.34 | 54.14 | 169.48 | OK | |
r-release-macos-x86_64 | 1.5.3 | NOTE | ||||
r-release-windows-ix86+x86_64 | 1.5.3 | 1163.00 | 106.00 | 1269.00 | NOTE | |
r-oldrel-macos-x86_64 | 1.5.3 | NOTE | ||||
r-oldrel-windows-ix86+x86_64 | 1.5.3 | 4.00 | 6.00 | 10.00 | ERROR |
Version: 1.5.3
Check: installed package size
Result: NOTE
installed size is 6.1Mb
sub-directories of 1Mb or more:
libs 5.3Mb
Flavors: r-devel-linux-x86_64-fedora-clang, r-devel-windows-ix86+x86_64, r-patched-solaris-x86, r-release-macos-x86_64, r-release-windows-ix86+x86_64, r-oldrel-macos-x86_64
Version: 1.5.3
Check: whether package can be installed
Result: WARN
Found the following significant warnings:
icu55/unicode/urename.h:979:48: warning: ‘int32_t uidna_toASCII_55_stringi(const UChar*, int32_t, UChar*, int32_t, int32_t, UParseError*, UErrorCode*)’ is deprecated [-Wdeprecated-declarations]
icu55/common/uidna.cpp:513:85: warning: ‘int32_t uidna_toASCII_55_stringi(const UChar*, int32_t, UChar*, int32_t, int32_t, UParseError*, UErrorCode*)’ is deprecated [-Wdeprecated-declarations]
icu55/common/uidna.cpp:526:80: warning: ‘int32_t uidna_toASCII_55_stringi(const UChar*, int32_t, UChar*, int32_t, int32_t, UParseError*, UErrorCode*)’ is deprecated [-Wdeprecated-declarations]
icu55/unicode/urename.h:966:51: warning: ‘int32_t uidna_IDNToASCII_55_stringi(const UChar*, int32_t, UChar*, int32_t, int32_t, UParseError*, UErrorCode*)’ is deprecated [-Wdeprecated-declarations]
icu55/common/uidna.cpp:876:87: warning: ‘int32_t uidna_IDNToASCII_55_stringi(const UChar*, int32_t, UChar*, int32_t, int32_t, UParseError*, UErrorCode*)’ is deprecated [-Wdeprecated-declarations]
icu55/common/uidna.cpp:887:83: warning: ‘int32_t uidna_IDNToASCII_55_stringi(const UChar*, int32_t, UChar*, int32_t, int32_t, UParseError*, UErrorCode*)’ is deprecated [-Wdeprecated-declarations]
icu55/common/uidna.cpp:891:85: warning: ‘int32_t uidna_IDNToASCII_55_stringi(const UChar*, int32_t, UChar*, int32_t, int32_t, UParseError*, UErrorCode*)’ is deprecated [-Wdeprecated-declarations]
icu55/common/uidna.cpp:902:86: warning: ‘int32_t uidna_IDNToASCII_55_stringi(const UChar*, int32_t, UChar*, int32_t, int32_t, UParseError*, UErrorCode*)’ is deprecated [-Wdeprecated-declarations]
icu55/unicode/urename.h:758:54: warning: ‘uint32_t ucol_setVariableTop_55_stringi(UCollator*, const UChar*, int32_t, UErrorCode*)’ is deprecated [-Wdeprecated-declarations]
icu55/i18n/ucol_sit.cpp:543:92: warning: ‘uint32_t ucol_setVariableTop_55_stringi(UCollator*, const UChar*, int32_t, UErrorCode*)’ is deprecated [-Wdeprecated-declarations]
icu55/unicode/urename.h:749:58: warning: ‘void ucol_restoreVariableTop_55_stringi(UCollator*, uint32_t, UErrorCode*)’ is deprecated [-Wdeprecated-declarations]
icu55/i18n/ucol_sit.cpp:545:71: warning: ‘void ucol_restoreVariableTop_55_stringi(UCollator*, uint32_t, UErrorCode*)’ is deprecated [-Wdeprecated-declarations]
Flavor: r-patched-solaris-x86
Version: 1.5.3
Check: whether package can be installed
Result: ERROR
Installation failed.
Flavor: r-oldrel-windows-ix86+x86_64