Last updated on 2020-12-04 00:48:35 CET.
Flavor | Version | Tinstall | Tcheck | Ttotal | Status | Flags |
---|---|---|---|---|---|---|
r-devel-linux-x86_64-debian-clang | 0.14.2 | 79.45 | 39.71 | 119.16 | NOTE | |
r-devel-linux-x86_64-debian-gcc | 0.14.2 | 53.55 | 30.66 | 84.21 | NOTE | |
r-devel-linux-x86_64-fedora-clang | 0.14.2 | 95.64 | NOTE | |||
r-devel-linux-x86_64-fedora-gcc | 0.14.2 | 85.24 | NOTE | |||
r-devel-windows-ix86+x86_64 | 0.14.2 | 133.00 | 71.00 | 204.00 | NOTE | |
r-patched-linux-x86_64 | 0.14.2 | 60.43 | 36.52 | 96.95 | NOTE | |
r-patched-solaris-x86 | 0.14.2 | 93.40 | NOTE | |||
r-release-linux-x86_64 | 0.14.2 | 60.60 | 36.76 | 97.36 | NOTE | |
r-release-macos-x86_64 | 0.14.2 | NOTE | ||||
r-release-windows-ix86+x86_64 | 0.14.2 | 123.00 | 88.00 | 211.00 | NOTE | |
r-oldrel-macos-x86_64 | 0.14.2 | NOTE | ||||
r-oldrel-windows-ix86+x86_64 | 0.14.2 | 123.00 | 83.00 | 206.00 | NOTE |
Version: 0.14.2
Check: for GNU extensions in Makefiles
Result: NOTE
GNU make is a SystemRequirements.
Flavors: r-devel-linux-x86_64-debian-clang, r-devel-linux-x86_64-debian-gcc, r-devel-linux-x86_64-fedora-clang, r-devel-linux-x86_64-fedora-gcc, r-devel-windows-ix86+x86_64, r-patched-linux-x86_64, r-patched-solaris-x86, r-release-linux-x86_64, r-release-macos-x86_64, r-release-windows-ix86+x86_64, r-oldrel-macos-x86_64, r-oldrel-windows-ix86+x86_64
Version: 0.14.2
Check: installed package size
Result: NOTE
installed size is 6.0Mb
sub-directories of 1Mb or more:
libs 5.5Mb
Flavors: r-release-macos-x86_64, r-oldrel-macos-x86_64