CRAN Package Check Results for Package stream

Last updated on 2020-12-04 00:48:35 CET.

Flavor Version Tinstall Tcheck Ttotal Status Flags
r-devel-linux-x86_64-debian-clang 1.3-2 150.94 167.31 318.25 OK
r-devel-linux-x86_64-debian-gcc 1.4-0 100.63 137.54 238.17 OK
r-devel-linux-x86_64-fedora-clang 1.4-0 446.73 NOTE
r-devel-linux-x86_64-fedora-gcc 1.4-0 400.04 NOTE
r-devel-windows-ix86+x86_64 1.3-2 330.00 225.00 555.00 NOTE
r-patched-linux-x86_64 1.4-0 124.00 174.65 298.65 OK
r-patched-solaris-x86 1.4-0 387.00 NOTE
r-release-linux-x86_64 1.4-0 119.85 174.88 294.73 OK
r-release-macos-x86_64 1.3-2 NOTE
r-release-windows-ix86+x86_64 1.3-2 242.00 275.00 517.00 NOTE
r-oldrel-macos-x86_64 1.4-0 NOTE
r-oldrel-windows-ix86+x86_64 1.4-0 219.00 298.00 517.00 NOTE

Check Details

Version: 1.4-0
Check: installed package size
Result: NOTE
     installed size is 14.9Mb
     sub-directories of 1Mb or more:
     doc 2.3Mb
     libs 11.8Mb
Flavors: r-devel-linux-x86_64-fedora-clang, r-oldrel-macos-x86_64, r-oldrel-windows-ix86+x86_64

Version: 1.4-0
Check: dependencies in R code
Result: NOTE
    Namespace in Imports field not imported from: ‘dbscan’
     All declared Imports should be used.
Flavors: r-devel-linux-x86_64-fedora-clang, r-devel-linux-x86_64-fedora-gcc, r-patched-solaris-x86, r-oldrel-macos-x86_64

Version: 1.3-2
Check: installed package size
Result: NOTE
     installed size is 5.6Mb
     sub-directories of 1Mb or more:
     doc 1.6Mb
     libs 3.2Mb
Flavors: r-devel-windows-ix86+x86_64, r-release-macos-x86_64, r-release-windows-ix86+x86_64

Version: 1.3-2
Check: dependencies in R code
Result: NOTE
    Namespace in Imports field not imported from: ‘dbscan’
     All declared Imports should be used.
Flavor: r-release-macos-x86_64