CRAN Package Check Results for Package stray

Last updated on 2020-12-04 00:48:35 CET.

Flavor Version Tinstall Tcheck Ttotal Status Flags
r-devel-linux-x86_64-debian-clang 0.1.1 5.03 43.71 48.74 OK
r-devel-linux-x86_64-debian-gcc 0.1.1 4.73 35.05 39.78 OK
r-devel-linux-x86_64-fedora-clang 0.1.1 61.15 NOTE
r-devel-linux-x86_64-fedora-gcc 0.1.1 50.31 NOTE
r-devel-windows-ix86+x86_64 0.1.1 11.00 43.00 54.00 OK
r-patched-linux-x86_64 0.1.1 4.94 41.51 46.45 OK
r-patched-solaris-x86 0.1.1 76.30 NOTE
r-release-linux-x86_64 0.1.1 4.71 39.99 44.70 OK
r-release-macos-x86_64 0.1.1 NOTE
r-release-windows-ix86+x86_64 0.1.1 8.00 50.00 58.00 OK
r-oldrel-macos-x86_64 0.1.1 NOTE
r-oldrel-windows-ix86+x86_64 0.1.1 9.00 56.00 65.00 OK

Check Details

Version: 0.1.1
Check: dependencies in R code
Result: NOTE
    Namespace in Imports field not imported from: ‘ks’
     All declared Imports should be used.
Flavors: r-devel-linux-x86_64-fedora-clang, r-devel-linux-x86_64-fedora-gcc, r-patched-solaris-x86, r-release-macos-x86_64, r-oldrel-macos-x86_64

Version: 0.1.1
Check: Rd cross-references
Result: NOTE
    Undeclared package ‘HDoutliers’ in Rd xrefs
Flavor: r-devel-linux-x86_64-fedora-clang