CRAN Package Check Results for Package stpp

Last updated on 2020-12-04 00:48:35 CET.

Flavor Version Tinstall Tcheck Ttotal Status Flags
r-devel-linux-x86_64-debian-clang 2.0-4 23.70 162.42 186.12 OK
r-devel-linux-x86_64-debian-gcc 2.0-4 20.91 129.06 149.97 OK
r-devel-linux-x86_64-fedora-clang 2.0-4 238.15 OK
r-devel-linux-x86_64-fedora-gcc 2.0-4 229.51 OK
r-devel-windows-ix86+x86_64 2.0-4 48.00 176.00 224.00 OK
r-patched-linux-x86_64 2.0-4 26.81 157.68 184.49 OK
r-patched-solaris-x86 2.0-4 358.60 OK
r-release-linux-x86_64 2.0-4 24.79 153.09 177.88 OK
r-release-macos-x86_64 2.0-4 ERROR
r-release-windows-ix86+x86_64 2.0-4 38.00 203.00 241.00 OK
r-oldrel-macos-x86_64 2.0-4 ERROR
r-oldrel-windows-ix86+x86_64 2.0-4 49.00 214.00 263.00 OK

Check Details

Version: 2.0-4
Check: package dependencies
Result: ERROR
    Package required but not available: ‘rpanel’
    
    See section ‘The DESCRIPTION file’ in the ‘Writing R Extensions’
    manual.
Flavors: r-release-macos-x86_64, r-oldrel-macos-x86_64