Last updated on 2020-12-04 00:48:35 CET.
Flavor | Version | Tinstall | Tcheck | Ttotal | Status | Flags |
---|---|---|---|---|---|---|
r-devel-linux-x86_64-debian-clang | 1.2.5 | 9.07 | 53.78 | 62.85 | OK | |
r-devel-linux-x86_64-debian-gcc | 1.2.5 | 7.65 | 42.79 | 50.44 | OK | |
r-devel-linux-x86_64-fedora-clang | 1.2.5 | 83.66 | OK | |||
r-devel-linux-x86_64-fedora-gcc | 1.2.5 | 74.83 | OK | |||
r-devel-windows-ix86+x86_64 | 1.2.5 | 17.00 | 105.00 | 122.00 | OK | |
r-patched-linux-x86_64 | 1.2.5 | 8.76 | 52.69 | 61.45 | OK | |
r-patched-solaris-x86 | 1.2.5 | 93.70 | NOTE | |||
r-release-linux-x86_64 | 1.2.5 | 8.82 | 55.38 | 64.20 | OK | |
r-release-macos-x86_64 | 1.2.5 | OK | ||||
r-release-windows-ix86+x86_64 | 1.2.4 | 12.00 | 100.00 | 112.00 | OK | |
r-oldrel-macos-x86_64 | 1.2.5 | OK | ||||
r-oldrel-windows-ix86+x86_64 | 1.2.5 | 14.00 | 110.00 | 124.00 | OK |
Version: 1.2.5
Check: package dependencies
Result: NOTE
Package suggested but not available for checking: ‘RPostgres’
Flavor: r-patched-solaris-x86