CRAN Package Check Results for Package stm

Last updated on 2020-12-04 00:48:35 CET.

Flavor Version Tinstall Tcheck Ttotal Status Flags
r-devel-linux-x86_64-debian-clang 1.3.6 49.26 285.31 334.57 OK
r-devel-linux-x86_64-debian-gcc 1.3.6 34.34 211.47 245.81 OK
r-devel-linux-x86_64-fedora-clang 1.3.6 391.06 OK
r-devel-linux-x86_64-fedora-gcc 1.3.6 387.74 OK
r-devel-windows-ix86+x86_64 1.3.6 107.00 416.00 523.00 OK
r-patched-linux-x86_64 1.3.6 41.82 278.20 320.02 OK
r-patched-solaris-x86 1.3.6 540.40 OK
r-release-linux-x86_64 1.3.6 42.00 280.41 322.41 OK
r-release-macos-x86_64 1.3.6 NOTE
r-release-windows-ix86+x86_64 1.3.6 84.00 470.00 554.00 OK
r-oldrel-macos-x86_64 1.3.6 NOTE
r-oldrel-windows-ix86+x86_64 1.3.6 88.00 508.00 596.00 OK

Check Details

Version: 1.3.6
Check: installed package size
Result: NOTE
     installed size is 5.2Mb
     sub-directories of 1Mb or more:
     data 1.7Mb
     libs 2.4Mb
Flavors: r-release-macos-x86_64, r-oldrel-macos-x86_64