CRAN Package Check Results for Package stevedata

Last updated on 2020-12-04 00:48:35 CET.

Flavor Version Tinstall Tcheck Ttotal Status Flags
r-devel-linux-x86_64-debian-clang 0.1.0 9.45 37.46 46.91 OK
r-devel-linux-x86_64-debian-gcc 0.1.0 8.70 32.92 41.62 OK
r-devel-linux-x86_64-fedora-clang 0.1.0 66.25 NOTE
r-devel-linux-x86_64-fedora-gcc 0.1.0 62.42 OK
r-devel-windows-ix86+x86_64 0.1.0 19.00 41.00 60.00 NOTE
r-patched-linux-x86_64 0.1.0 9.98 40.39 50.37 OK
r-patched-solaris-x86 0.1.0 86.70 NOTE
r-release-linux-x86_64 0.1.0 9.09 40.17 49.26 OK
r-release-macos-x86_64 0.1.0 NOTE
r-release-windows-ix86+x86_64 0.1.0 16.00 41.00 57.00 NOTE
r-oldrel-macos-x86_64 0.1.0 NOTE
r-oldrel-windows-ix86+x86_64 0.1.0 13.00 44.00 57.00 NOTE

Check Details

Version: 0.1.0
Check: installed package size
Result: NOTE
     installed size is 5.3Mb
     sub-directories of 1Mb or more:
     data 5.0Mb
Flavors: r-devel-linux-x86_64-fedora-clang, r-devel-windows-ix86+x86_64, r-patched-solaris-x86, r-release-macos-x86_64, r-release-windows-ix86+x86_64, r-oldrel-macos-x86_64, r-oldrel-windows-ix86+x86_64