Last updated on 2020-12-04 00:48:35 CET.
Flavor | Version | Tinstall | Tcheck | Ttotal | Status | Flags |
---|---|---|---|---|---|---|
r-devel-linux-x86_64-debian-clang | 1.0 | 13.22 | 49.13 | 62.35 | OK | |
r-devel-linux-x86_64-debian-gcc | 1.0 | 10.22 | 40.43 | 50.65 | OK | |
r-devel-linux-x86_64-fedora-clang | 1.0 | 83.67 | NOTE | |||
r-devel-linux-x86_64-fedora-gcc | 1.0 | 73.37 | NOTE | |||
r-devel-windows-ix86+x86_64 | 1.0 | 36.00 | 81.00 | 117.00 | OK | |
r-patched-linux-x86_64 | 1.0 | 11.56 | 48.24 | 59.80 | OK | |
r-patched-solaris-x86 | 1.0 | 97.60 | OK | |||
r-release-linux-x86_64 | 1.0 | 13.14 | 47.10 | 60.24 | OK | |
r-release-macos-x86_64 | 1.0 | OK | ||||
r-release-windows-ix86+x86_64 | 1.0 | 28.00 | 102.00 | 130.00 | OK | |
r-oldrel-macos-x86_64 | 1.0 | OK | ||||
r-oldrel-windows-ix86+x86_64 | 1.0 | 26.00 | 95.00 | 121.00 | OK |
Version: 1.0
Check: compiled code
Result: NOTE
File ‘steadyICA/libs/steadyICA.so’:
Found no calls to: ‘R_registerRoutines’, ‘R_useDynamicSymbols’
It is good practice to register native routines and to disable symbol
search.
See ‘Writing portable packages’ in the ‘Writing R Extensions’ manual.
Flavors: r-devel-linux-x86_64-fedora-clang, r-devel-linux-x86_64-fedora-gcc