Last updated on 2020-12-04 00:48:35 CET.
Flavor | Version | Tinstall | Tcheck | Ttotal | Status | Flags |
---|---|---|---|---|---|---|
r-devel-linux-x86_64-debian-clang | 0.6.0 | 31.52 | 309.33 | 340.85 | OK | |
r-devel-linux-x86_64-debian-gcc | 0.6.1 | 15.89 | 252.69 | 268.58 | OK | |
r-devel-linux-x86_64-fedora-clang | 0.6.1 | 460.74 | OK | |||
r-devel-linux-x86_64-fedora-gcc | 0.6.1 | 469.99 | OK | |||
r-devel-windows-ix86+x86_64 | 0.6.1 | 11.00 | 8.00 | 19.00 | ERROR | |
r-patched-linux-x86_64 | 0.6.1 | 22.38 | 320.64 | 343.02 | OK | |
r-patched-solaris-x86 | 0.6.1 | 563.10 | OK | |||
r-release-linux-x86_64 | 0.6.1 | 20.77 | 326.24 | 347.01 | OK | |
r-release-macos-x86_64 | 0.6.1 | OK | ||||
r-release-windows-ix86+x86_64 | 0.6.0 | 53.00 | 330.00 | 383.00 | OK | |
r-oldrel-macos-x86_64 | 0.6.1 | OK | ||||
r-oldrel-windows-ix86+x86_64 | 0.6.1 | 40.00 | 313.00 | 353.00 | OK |
Version: 0.6.1
Check: whether package can be installed
Result: ERROR
Installation failed.
Flavor: r-devel-windows-ix86+x86_64