CRAN Package Check Results for Package stats19

Last updated on 2020-12-04 00:48:35 CET.

Flavor Version Tinstall Tcheck Ttotal Status Flags
r-devel-linux-x86_64-debian-clang 1.3.0 4.58 125.53 130.11 WARN
r-devel-linux-x86_64-debian-gcc 1.3.0 3.44 96.11 99.55 OK
r-devel-linux-x86_64-fedora-clang 1.3.0 157.06 OK
r-devel-linux-x86_64-fedora-gcc 1.3.0 152.02 OK
r-devel-windows-ix86+x86_64 1.3.0 8.00 152.00 160.00 OK
r-patched-linux-x86_64 1.3.0 4.21 123.37 127.58 OK
r-patched-solaris-x86 1.3.0 244.50 WARN
r-release-linux-x86_64 1.3.0 4.27 121.19 125.46 OK
r-release-macos-x86_64 1.3.0 WARN
r-release-windows-ix86+x86_64 1.3.0 6.00 156.00 162.00 OK
r-oldrel-macos-x86_64 1.3.0 WARN
r-oldrel-windows-ix86+x86_64 1.3.0 5.00 206.00 211.00 OK

Check Details

Version: 1.3.0
Check: re-building of vignette outputs
Result: WARN
    Error(s) in re-building vignettes:
     ...
    --- re-building 'blog.Rmd' using rmarkdown
    Files identified: dftRoadSafetyData_Accidents_2017.zip
    
     http://data.dft.gov.uk.s3.amazonaws.com/road-accidents-safety-data/dftRoadSafetyData_Accidents_2017.zip
    Attempt downloading from:
    trying URL 'http://data.dft.gov.uk.s3.amazonaws.com/road-accidents-safety-data/dftRoadSafetyData_Accidents_2017.zip'
    Content type 'application/x-zip-compressed' length 3997883 bytes (3.8 MB)
    ==================================================
    downloaded 3.8 MB
    
    Data saved at /tmp/RtmpQjbJBX/dftRoadSafetyData_Accidents_2017/Acc.csv
    Reading in:
    /tmp/RtmpQjbJBX/dftRoadSafetyData_Accidents_2017/Acc.csv
    date and time columns present, creating formatted datetime column
    Linking to GEOS 3.8.1, GDAL 3.1.4, PROJ 7.2.0
    
    Attaching package: 'dplyr'
    
    The following objects are masked from 'package:stats':
    
     filter, lag
    
    The following objects are masked from 'package:base':
    
     intersect, setdiff, setequal, union
    
    Files identified: dftRoadSafetyData_Casualties_2017.zip
    
     http://data.dft.gov.uk.s3.amazonaws.com/road-accidents-safety-data/dftRoadSafetyData_Casualties_2017.zip
    Attempt downloading from:
    trying URL 'http://data.dft.gov.uk.s3.amazonaws.com/road-accidents-safety-data/dftRoadSafetyData_Casualties_2017.zip'
    Content type 'application/x-zip-compressed' length 1169376 bytes (1.1 MB)
    ==================================================
    downloaded 1.1 MB
    
    Data saved at /tmp/RtmpQjbJBX/dftRoadSafetyData_Casualties_2017/Cas.csv
    Files identified: dftRoadSafetyData_Vehicles_2017.zip
    
     http://data.dft.gov.uk.s3.amazonaws.com/road-accidents-safety-data/dftRoadSafetyData_Vehicles_2017.zip
    Attempt downloading from:
    trying URL 'http://data.dft.gov.uk.s3.amazonaws.com/road-accidents-safety-data/dftRoadSafetyData_Vehicles_2017.zip'
    Content type 'application/x-zip-compressed' length 2584589 bytes (2.5 MB)
    ==================================================
    downloaded 2.5 MB
    
    Data saved at /tmp/RtmpQjbJBX/dftRoadSafetyData_Vehicles_2017/Veh.csv
    `summarise()` ungrouping output (override with `.groups` argument)
    Joining, by = "accident_index"
    Error: processing vignette 'blog.Rmd' failed with diagnostics:
    invalid multibyte string, element 1
    --- failed re-building 'blog.Rmd'
    
    --- re-building 'stats19-training-setup.Rmd' using rmarkdown
    --- finished re-building 'stats19-training-setup.Rmd'
    
    --- re-building 'stats19-training.Rmd' using rmarkdown
    
    Attaching package: 'lubridate'
    
    The following objects are masked from 'package:base':
    
     date, intersect, setdiff, union
    
    although coordinates are longitude/latitude, st_intersects assumes that they are planar
    although coordinates are longitude/latitude, st_intersects assumes that they are planar
    Warning in plot.sf(zones[crashes_sf[2, ], ], col = "blue", add = TRUE) :
     ignoring all but the first attribute
    although coordinates are longitude/latitude, st_intersects assumes that they are planar
    Warning in plot.sf(zones[zones_containing_crashes, ], col = "yellow", add = TRUE) :
     ignoring all but the first attribute
    although coordinates are longitude/latitude, st_intersects assumes that they are planar
    although coordinates are longitude/latitude, st_intersects assumes that they are planar
    tmap mode set to plotting
    --- finished re-building 'stats19-training.Rmd'
    
    --- re-building 'stats19-vehicles.Rmd' using rmarkdown
    Data provided under OGL v3.0. Cite the source and link to:
    www.nationalarchives.gov.uk/doc/open-government-licence/version/3/
    
    Attaching package: 'dplyr'
    
    The following objects are masked from 'package:stats':
    
     filter, lag
    
    The following objects are masked from 'package:base':
    
     intersect, setdiff, setequal, union
    
    trying URL 'http://data.dft.gov.uk.s3.amazonaws.com/road-accidents-safety-data/dftRoadSafetyData_Vehicles_2018.csv'
    Content type 'application/octet-stream' length 14803084 bytes (14.1 MB)
    ==================================================
    downloaded 14.1 MB
    
    trying URL 'http://data.dft.gov.uk.s3.amazonaws.com/road-accidents-safety-data/dftRoadSafetyData_Accidents_2018.csv'
    Content type 'application/octet-stream' length 16827907 bytes (16.0 MB)
    ==================================================
    downloaded 16.0 MB
    
    --- finished re-building 'stats19-vehicles.Rmd'
    
    --- re-building 'stats19.Rmd' using rmarkdown
    trying URL 'http://data.dft.gov.uk.s3.amazonaws.com/road-accidents-safety-data/dftRoadSafetyData_Accidents_2017.zip'
    Content type 'application/x-zip-compressed' length 3997883 bytes (3.8 MB)
    ==================================================
    downloaded 3.8 MB
    
    trying URL 'http://data.dft.gov.uk.s3.amazonaws.com/road-accidents-safety-data/dftRoadSafetyData_Vehicles_2017.zip'
    Content type 'application/x-zip-compressed' length 2584589 bytes (2.5 MB)
    ==================================================
    downloaded 2.5 MB
    
    trying URL 'http://data.dft.gov.uk.s3.amazonaws.com/road-accidents-safety-data/dftRoadSafetyData_Casualties_2017.zip'
    Content type 'application/x-zip-compressed' length 1169376 bytes (1.1 MB)
    ==================================================
    downloaded 1.1 MB
    
    `summarise()` ungrouping output (override with `.groups` argument)
    Joining, by = "accident_index"
    --- finished re-building 'stats19.Rmd'
    
    SUMMARY: processing the following file failed:
     'blog.Rmd'
    
    Error: Vignette re-building failed.
    Execution halted
Flavor: r-devel-linux-x86_64-debian-clang

Version: 1.3.0
Check: re-building of vignette outputs
Result: WARN
    Error(s) in re-building vignettes:
     ...
    --- re-building ‘blog.Rmd’ using rmarkdown
    Warning in engine$weave(file, quiet = quiet, encoding = enc) :
     Pandoc (>= 1.12.3) and/or pandoc-citeproc not available. Falling back to R Markdown v1.
    Files identified: dftRoadSafetyData_Accidents_2017.zip
    
     http://data.dft.gov.uk.s3.amazonaws.com/road-accidents-safety-data/dftRoadSafetyData_Accidents_2017.zip
    Attempt downloading from:
    trying URL 'http://data.dft.gov.uk.s3.amazonaws.com/road-accidents-safety-data/dftRoadSafetyData_Accidents_2017.zip'
    Content type 'application/x-zip-compressed' length 3997883 bytes (3.8 MB)
    ==================================================
    downloaded 3.8 MB
    
    Data saved at /tmp/RtmpjOaq4Z/working_dir/Rtmp.7aaZd/dftRoadSafetyData_Accidents_2017/Acc.csv
    Reading in:
    /tmp/RtmpjOaq4Z/working_dir/Rtmp.7aaZd/dftRoadSafetyData_Accidents_2017/Acc.csv
    date and time columns present, creating formatted datetime column
    Linking to GEOS 3.6.4, GDAL 2.2.4, PROJ 5.2.0
    
    Attaching package: 'dplyr'
    
    The following objects are masked from 'package:stats':
    
     filter, lag
    
    The following objects are masked from 'package:base':
    
     intersect, setdiff, setequal, union
    
    Files identified: dftRoadSafetyData_Casualties_2017.zip
    
     http://data.dft.gov.uk.s3.amazonaws.com/road-accidents-safety-data/dftRoadSafetyData_Casualties_2017.zip
    Attempt downloading from:
    trying URL 'http://data.dft.gov.uk.s3.amazonaws.com/road-accidents-safety-data/dftRoadSafetyData_Casualties_2017.zip'
    Content type 'application/x-zip-compressed' length 1169376 bytes (1.1 MB)
    ==================================================
    downloaded 1.1 MB
    
    Data saved at /tmp/RtmpjOaq4Z/working_dir/Rtmp.7aaZd/dftRoadSafetyData_Casualties_2017/Cas.csv
    Files identified: dftRoadSafetyData_Vehicles_2017.zip
    
     http://data.dft.gov.uk.s3.amazonaws.com/road-accidents-safety-data/dftRoadSafetyData_Vehicles_2017.zip
    Attempt downloading from:
    trying URL 'http://data.dft.gov.uk.s3.amazonaws.com/road-accidents-safety-data/dftRoadSafetyData_Vehicles_2017.zip'
    Content type 'application/x-zip-compressed' length 2584589 bytes (2.5 MB)
    ==================================================
    downloaded 2.5 MB
    
    Data saved at /tmp/RtmpjOaq4Z/working_dir/Rtmp.7aaZd/dftRoadSafetyData_Vehicles_2017/Veh.csv
    `summarise()` ungrouping output (override with `.groups` argument)
    Joining, by = "accident_index"
    --- finished re-building ‘blog.Rmd’
    
    --- re-building ‘stats19-training-setup.Rmd’ using rmarkdown
    Warning in engine$weave(file, quiet = quiet, encoding = enc) :
     Pandoc (>= 1.12.3) and/or pandoc-citeproc not available. Falling back to R Markdown v1.
    --- finished re-building ‘stats19-training-setup.Rmd’
    
    --- re-building ‘stats19-training.Rmd’ using rmarkdown
    Warning in engine$weave(file, quiet = quiet, encoding = enc) :
     Pandoc (>= 1.12.3) and/or pandoc-citeproc not available. Falling back to R Markdown v1.
    
    Attaching package: 'lubridate'
    
    The following objects are masked from 'package:base':
    
     date, intersect, setdiff, union
    
    although coordinates are longitude/latitude, st_intersects assumes that they are planar
    although coordinates are longitude/latitude, st_intersects assumes that they are planar
    Warning in plot.sf(zones[crashes_sf[2, ], ], col = "blue", add = TRUE) :
     ignoring all but the first attribute
    although coordinates are longitude/latitude, st_intersects assumes that they are planar
    Warning in plot.sf(zones[zones_containing_crashes, ], col = "yellow", add = TRUE) :
     ignoring all but the first attribute
    although coordinates are longitude/latitude, st_intersects assumes that they are planar
    although coordinates are longitude/latitude, st_intersects assumes that they are planar
    Quitting from lines 953-962 (stats19-training.Rmd)
    Error: processing vignette 'stats19-training.Rmd' failed with diagnostics:
    cannot open the connection
    --- failed re-building ‘stats19-training.Rmd’
    
    --- re-building ‘stats19-vehicles.Rmd’ using rmarkdown
    Warning in engine$weave(file, quiet = quiet, encoding = enc) :
     Pandoc (>= 1.12.3) and/or pandoc-citeproc not available. Falling back to R Markdown v1.
    Data provided under OGL v3.0. Cite the source and link to:
    www.nationalarchives.gov.uk/doc/open-government-licence/version/3/
    
    Attaching package: 'dplyr'
    
    The following objects are masked from 'package:stats':
    
     filter, lag
    
    The following objects are masked from 'package:base':
    
     intersect, setdiff, setequal, union
    
    trying URL 'http://data.dft.gov.uk.s3.amazonaws.com/road-accidents-safety-data/dftRoadSafetyData_Vehicles_2018.csv'
    Content type 'application/octet-stream' length 14803084 bytes (14.1 MB)
    ==================================================
    downloaded 14.1 MB
    
    trying URL 'http://data.dft.gov.uk.s3.amazonaws.com/road-accidents-safety-data/dftRoadSafetyData_Accidents_2018.csv'
    Content type 'application/octet-stream' length 16827907 bytes (16.0 MB)
    ==================================================
    downloaded 16.0 MB
    
    --- finished re-building ‘stats19-vehicles.Rmd’
    
    --- re-building ‘stats19.Rmd’ using rmarkdown
    Warning in engine$weave(file, quiet = quiet, encoding = enc) :
     Pandoc (>= 1.12.3) and/or pandoc-citeproc not available. Falling back to R Markdown v1.
    trying URL 'http://data.dft.gov.uk.s3.amazonaws.com/road-accidents-safety-data/dftRoadSafetyData_Accidents_2017.zip'
    Content type 'application/x-zip-compressed' length 3997883 bytes (3.8 MB)
    ==================================================
    downloaded 3.8 MB
    
    trying URL 'http://data.dft.gov.uk.s3.amazonaws.com/road-accidents-safety-data/dftRoadSafetyData_Vehicles_2017.zip'
    Content type 'application/x-zip-compressed' length 2584589 bytes (2.5 MB)
    ==================================================
    downloaded 2.5 MB
    
    trying URL 'http://data.dft.gov.uk.s3.amazonaws.com/road-accidents-safety-data/dftRoadSafetyData_Casualties_2017.zip'
    Content type 'application/x-zip-compressed' length 1169376 bytes (1.1 MB)
    ==================================================
    downloaded 1.1 MB
    
    `summarise()` ungrouping output (override with `.groups` argument)
    Joining, by = "accident_index"
    --- finished re-building ‘stats19.Rmd’
    
    SUMMARY: processing the following file failed:
     ‘stats19-training.Rmd’
    
    Error: Vignette re-building failed.
    Execution halted
Flavor: r-patched-solaris-x86

Version: 1.3.0
Check: re-building of vignette outputs
Result: WARN
    Error(s) in re-building vignettes:
    --- re-building ‘blog.Rmd’ using rmarkdown
    Warning in engine$weave(file, quiet = quiet, encoding = enc) :
     Pandoc (>= 1.12.3) and/or pandoc-citeproc not available. Falling back to R Markdown v1.
    Files identified: dftRoadSafetyData_Accidents_2017.zip
    
     http://data.dft.gov.uk.s3.amazonaws.com/road-accidents-safety-data/dftRoadSafetyData_Accidents_2017.zip
    Attempt downloading from:
    trying URL 'http://data.dft.gov.uk.s3.amazonaws.com/road-accidents-safety-data/dftRoadSafetyData_Accidents_2017.zip'
    Content type 'application/x-zip-compressed' length 3997883 bytes (3.8 MB)
    ==================================================
    downloaded 3.8 MB
    
    Data saved at /Volumes/Temp/tmp/Rtmp4Ft2cI/dftRoadSafetyData_Accidents_2017/Acc.csv
    Reading in:
    /Volumes/Temp/tmp/Rtmp4Ft2cI/dftRoadSafetyData_Accidents_2017/Acc.csv
    date and time columns present, creating formatted datetime column
    Linking to GEOS 3.8.1, GDAL 3.1.1, PROJ 6.3.1
    
    Attaching package: 'dplyr'
    
    The following objects are masked from 'package:stats':
    
     filter, lag
    
    The following objects are masked from 'package:base':
    
     intersect, setdiff, setequal, union
    
    Files identified: dftRoadSafetyData_Casualties_2017.zip
    
     http://data.dft.gov.uk.s3.amazonaws.com/road-accidents-safety-data/dftRoadSafetyData_Casualties_2017.zip
    Attempt downloading from:
    trying URL 'http://data.dft.gov.uk.s3.amazonaws.com/road-accidents-safety-data/dftRoadSafetyData_Casualties_2017.zip'
    Content type 'application/x-zip-compressed' length 1169376 bytes (1.1 MB)
    ==================================================
    downloaded 1.1 MB
    
    Data saved at /Volumes/Temp/tmp/Rtmp4Ft2cI/dftRoadSafetyData_Casualties_2017/Cas.csv
    Files identified: dftRoadSafetyData_Vehicles_2017.zip
    
     http://data.dft.gov.uk.s3.amazonaws.com/road-accidents-safety-data/dftRoadSafetyData_Vehicles_2017.zip
    Attempt downloading from:
    trying URL 'http://data.dft.gov.uk.s3.amazonaws.com/road-accidents-safety-data/dftRoadSafetyData_Vehicles_2017.zip'
    Content type 'application/x-zip-compressed' length 2584589 bytes (2.5 MB)
    ==================================================
    downloaded 2.5 MB
    
    Data saved at /Volumes/Temp/tmp/Rtmp4Ft2cI/dftRoadSafetyData_Vehicles_2017/Veh.csv
    `summarise()` ungrouping output (override with `.groups` argument)
    Joining, by = "accident_index"
    --- finished re-building ‘blog.Rmd’
    
    --- re-building ‘stats19-training-setup.Rmd’ using rmarkdown
    Warning in engine$weave(file, quiet = quiet, encoding = enc) :
     Pandoc (>= 1.12.3) and/or pandoc-citeproc not available. Falling back to R Markdown v1.
    --- finished re-building ‘stats19-training-setup.Rmd’
    
    --- re-building ‘stats19-training.Rmd’ using rmarkdown
    Warning in engine$weave(file, quiet = quiet, encoding = enc) :
     Pandoc (>= 1.12.3) and/or pandoc-citeproc not available. Falling back to R Markdown v1.
    
    Attaching package: 'lubridate'
    
    The following objects are masked from 'package:base':
    
     date, intersect, setdiff, union
    
    although coordinates are longitude/latitude, st_intersects assumes that they are planar
    although coordinates are longitude/latitude, st_intersects assumes that they are planar
    Warning in plot.sf(zones[crashes_sf[2, ], ], col = "blue", add = TRUE) :
     ignoring all but the first attribute
    although coordinates are longitude/latitude, st_intersects assumes that they are planar
    Warning in plot.sf(zones[zones_containing_crashes, ], col = "yellow", add = TRUE) :
     ignoring all but the first attribute
    although coordinates are longitude/latitude, st_intersects assumes that they are planar
    although coordinates are longitude/latitude, st_intersects assumes that they are planar
    Quitting from lines 953-962 (stats19-training.Rmd)
    Error: processing vignette 'stats19-training.Rmd' failed with diagnostics:
    cannot open the connection
    --- failed re-building ‘stats19-training.Rmd’
    
    --- re-building ‘stats19-vehicles.Rmd’ using rmarkdown
    Warning in engine$weave(file, quiet = quiet, encoding = enc) :
     Pandoc (>= 1.12.3) and/or pandoc-citeproc not available. Falling back to R Markdown v1.
    Data provided under OGL v3.0. Cite the source and link to:
    www.nationalarchives.gov.uk/doc/open-government-licence/version/3/
    
    Attaching package: 'dplyr'
    
    The following objects are masked from 'package:stats':
    
     filter, lag
    
    The following objects are masked from 'package:base':
    
     intersect, setdiff, setequal, union
    
    trying URL 'http://data.dft.gov.uk.s3.amazonaws.com/road-accidents-safety-data/dftRoadSafetyData_Vehicles_2018.csv'
    Content type 'application/octet-stream' length 14803084 bytes (14.1 MB)
    ==================================================
    downloaded 14.1 MB
    
    trying URL 'http://data.dft.gov.uk.s3.amazonaws.com/road-accidents-safety-data/dftRoadSafetyData_Accidents_2018.csv'
    Content type 'application/octet-stream' length 16827907 bytes (16.0 MB)
    ==================================================
    downloaded 16.0 MB
    
    --- finished re-building ‘stats19-vehicles.Rmd’
    
    --- re-building ‘stats19.Rmd’ using rmarkdown
    Warning in engine$weave(file, quiet = quiet, encoding = enc) :
     Pandoc (>= 1.12.3) and/or pandoc-citeproc not available. Falling back to R Markdown v1.
    trying URL 'http://data.dft.gov.uk.s3.amazonaws.com/road-accidents-safety-data/dftRoadSafetyData_Accidents_2017.zip'
    Content type 'application/x-zip-compressed' length 3997883 bytes (3.8 MB)
    ==================================================
    downloaded 3.8 MB
    
    trying URL 'http://data.dft.gov.uk.s3.amazonaws.com/road-accidents-safety-data/dftRoadSafetyData_Vehicles_2017.zip'
    Content type 'application/x-zip-compressed' length 2584589 bytes (2.5 MB)
    ==================================================
    downloaded 2.5 MB
    
    trying URL 'http://data.dft.gov.uk.s3.amazonaws.com/road-accidents-safety-data/dftRoadSafetyData_Casualties_2017.zip'
    Content type 'application/x-zip-compressed' length 1169376 bytes (1.1 MB)
    ==================================================
    downloaded 1.1 MB
    
    `summarise()` ungrouping output (override with `.groups` argument)
    Joining, by = "accident_index"
    --- finished re-building ‘stats19.Rmd’
    
    SUMMARY: processing the following file failed:
     ‘stats19-training.Rmd’
    
    Error: Vignette re-building failed.
    Execution halted
Flavor: r-release-macos-x86_64

Version: 1.3.0
Check: re-building of vignette outputs
Result: WARN
    Error(s) in re-building vignettes:
    --- re-building ‘blog.Rmd’ using rmarkdown
    Warning in engine$weave(file, quiet = quiet, encoding = enc) :
     Pandoc (>= 1.12.3) and/or pandoc-citeproc not available. Falling back to R Markdown v1.
    Files identified: dftRoadSafetyData_Accidents_2017.zip
    
     http://data.dft.gov.uk.s3.amazonaws.com/road-accidents-safety-data/dftRoadSafetyData_Accidents_2017.zip
    Attempt downloading from:
    trying URL 'http://data.dft.gov.uk.s3.amazonaws.com/road-accidents-safety-data/dftRoadSafetyData_Accidents_2017.zip'
    Content type 'application/x-zip-compressed' length 3997883 bytes (3.8 MB)
    ==================================================
    downloaded 3.8 MB
    
    Data saved at /tmp/RtmpcA3A01/dftRoadSafetyData_Accidents_2017/Acc.csv
    Reading in:
    /tmp/RtmpcA3A01/dftRoadSafetyData_Accidents_2017/Acc.csv
    date and time columns present, creating formatted datetime column
    Linking to GEOS 3.7.2, GDAL 2.4.2, PROJ 5.2.0
    
    Attaching package: 'dplyr'
    
    The following objects are masked from 'package:stats':
    
     filter, lag
    
    The following objects are masked from 'package:base':
    
     intersect, setdiff, setequal, union
    
    Files identified: dftRoadSafetyData_Casualties_2017.zip
    
     http://data.dft.gov.uk.s3.amazonaws.com/road-accidents-safety-data/dftRoadSafetyData_Casualties_2017.zip
    Attempt downloading from:
    trying URL 'http://data.dft.gov.uk.s3.amazonaws.com/road-accidents-safety-data/dftRoadSafetyData_Casualties_2017.zip'
    Content type 'application/x-zip-compressed' length 1169376 bytes (1.1 MB)
    ==================================================
    downloaded 1.1 MB
    
    Data saved at /tmp/RtmpcA3A01/dftRoadSafetyData_Casualties_2017/Cas.csv
    Files identified: dftRoadSafetyData_Vehicles_2017.zip
    
     http://data.dft.gov.uk.s3.amazonaws.com/road-accidents-safety-data/dftRoadSafetyData_Vehicles_2017.zip
    Attempt downloading from:
    trying URL 'http://data.dft.gov.uk.s3.amazonaws.com/road-accidents-safety-data/dftRoadSafetyData_Vehicles_2017.zip'
    Content type 'application/x-zip-compressed' length 2584589 bytes (2.5 MB)
    ==================================================
    downloaded 2.5 MB
    
    Data saved at /tmp/RtmpcA3A01/dftRoadSafetyData_Vehicles_2017/Veh.csv
    `summarise()` ungrouping output (override with `.groups` argument)
    Joining, by = "accident_index"
    --- finished re-building ‘blog.Rmd’
    
    --- re-building ‘stats19-training-setup.Rmd’ using rmarkdown
    Warning in engine$weave(file, quiet = quiet, encoding = enc) :
     Pandoc (>= 1.12.3) and/or pandoc-citeproc not available. Falling back to R Markdown v1.
    --- finished re-building ‘stats19-training-setup.Rmd’
    
    --- re-building ‘stats19-training.Rmd’ using rmarkdown
    Warning in engine$weave(file, quiet = quiet, encoding = enc) :
     Pandoc (>= 1.12.3) and/or pandoc-citeproc not available. Falling back to R Markdown v1.
    
    Attaching package: 'lubridate'
    
    The following objects are masked from 'package:base':
    
     date, intersect, setdiff, union
    
    although coordinates are longitude/latitude, st_intersects assumes that they are planar
    although coordinates are longitude/latitude, st_intersects assumes that they are planar
    Warning in plot.sf(zones[crashes_sf[2, ], ], col = "blue", add = TRUE) :
     ignoring all but the first attribute
    although coordinates are longitude/latitude, st_intersects assumes that they are planar
    Warning in plot.sf(zones[zones_containing_crashes, ], col = "yellow", add = TRUE) :
     ignoring all but the first attribute
    although coordinates are longitude/latitude, st_intersects assumes that they are planar
    although coordinates are longitude/latitude, st_intersects assumes that they are planar
    Quitting from lines 953-962 (stats19-training.Rmd)
    Error: processing vignette 'stats19-training.Rmd' failed with diagnostics:
    cannot open the connection
    --- failed re-building ‘stats19-training.Rmd’
    
    --- re-building ‘stats19-vehicles.Rmd’ using rmarkdown
    Warning in engine$weave(file, quiet = quiet, encoding = enc) :
     Pandoc (>= 1.12.3) and/or pandoc-citeproc not available. Falling back to R Markdown v1.
    Data provided under OGL v3.0. Cite the source and link to:
    www.nationalarchives.gov.uk/doc/open-government-licence/version/3/
    
    Attaching package: 'dplyr'
    
    The following objects are masked from 'package:stats':
    
     filter, lag
    
    The following objects are masked from 'package:base':
    
     intersect, setdiff, setequal, union
    
    trying URL 'http://data.dft.gov.uk.s3.amazonaws.com/road-accidents-safety-data/dftRoadSafetyData_Vehicles_2018.csv'
    Content type 'application/octet-stream' length 14803084 bytes (14.1 MB)
    ==================================================
    downloaded 14.1 MB
    
    trying URL 'http://data.dft.gov.uk.s3.amazonaws.com/road-accidents-safety-data/dftRoadSafetyData_Accidents_2018.csv'
    Content type 'application/octet-stream' length 16827907 bytes (16.0 MB)
    ==================================================
    downloaded 16.0 MB
    
    --- finished re-building ‘stats19-vehicles.Rmd’
    
    --- re-building ‘stats19.Rmd’ using rmarkdown
    Warning in engine$weave(file, quiet = quiet, encoding = enc) :
     Pandoc (>= 1.12.3) and/or pandoc-citeproc not available. Falling back to R Markdown v1.
    trying URL 'http://data.dft.gov.uk.s3.amazonaws.com/road-accidents-safety-data/dftRoadSafetyData_Accidents_2017.zip'
    Content type 'application/x-zip-compressed' length 3997883 bytes (3.8 MB)
    ==================================================
    downloaded 3.8 MB
    
    trying URL 'http://data.dft.gov.uk.s3.amazonaws.com/road-accidents-safety-data/dftRoadSafetyData_Vehicles_2017.zip'
    Content type 'application/x-zip-compressed' length 2584589 bytes (2.5 MB)
    ==================================================
    downloaded 2.5 MB
    
    trying URL 'http://data.dft.gov.uk.s3.amazonaws.com/road-accidents-safety-data/dftRoadSafetyData_Casualties_2017.zip'
    Content type 'application/x-zip-compressed' length 1169376 bytes (1.1 MB)
    ==================================================
    downloaded 1.1 MB
    
    `summarise()` ungrouping output (override with `.groups` argument)
    Joining, by = "accident_index"
    --- finished re-building ‘stats19.Rmd’
    
    SUMMARY: processing the following file failed:
     ‘stats19-training.Rmd’
    
    Error: Vignette re-building failed.
    Execution halted
Flavor: r-oldrel-macos-x86_64