Last updated on 2020-12-04 00:48:35 CET.
Flavor | Version | Tinstall | Tcheck | Ttotal | Status | Flags |
---|---|---|---|---|---|---|
r-devel-linux-x86_64-debian-clang | 1.0.6 | 12.17 | 222.85 | 235.02 | NOTE | |
r-devel-linux-x86_64-debian-gcc | 1.0.6 | 9.75 | 162.77 | 172.52 | NOTE | |
r-devel-linux-x86_64-fedora-clang | 1.0.6 | 270.58 | NOTE | |||
r-devel-linux-x86_64-fedora-gcc | 1.0.6 | 285.13 | NOTE | |||
r-devel-windows-ix86+x86_64 | 1.0.6 | 22.00 | 190.00 | 212.00 | NOTE | |
r-patched-linux-x86_64 | 1.0.6 | 11.66 | 208.04 | 219.70 | NOTE | |
r-patched-solaris-x86 | 1.0.6 | 372.70 | NOTE | |||
r-release-linux-x86_64 | 1.0.6 | 11.49 | 210.66 | 222.15 | NOTE | |
r-release-macos-x86_64 | 1.0.6 | NOTE | ||||
r-release-windows-ix86+x86_64 | 1.0.6 | 17.00 | 228.00 | 245.00 | NOTE | |
r-oldrel-macos-x86_64 | 1.0.6 | NOTE | ||||
r-oldrel-windows-ix86+x86_64 | 1.0.6 | 19.00 | 257.00 | 276.00 | NOTE |
Version: 1.0.6
Check: package dependencies
Result: NOTE
Package suggested but not available for checking: 'asreml'
Flavors: r-devel-linux-x86_64-debian-clang, r-devel-linux-x86_64-debian-gcc, r-devel-linux-x86_64-fedora-clang, r-devel-linux-x86_64-fedora-gcc, r-devel-windows-ix86+x86_64, r-patched-linux-x86_64, r-patched-solaris-x86, r-release-linux-x86_64, r-release-macos-x86_64, r-release-windows-ix86+x86_64, r-oldrel-macos-x86_64, r-oldrel-windows-ix86+x86_64
Version: 1.0.6
Check: dependencies in R code
Result: NOTE
Namespace in Imports field not imported from: ‘mapproj’
All declared Imports should be used.
Flavors: r-devel-linux-x86_64-fedora-clang, r-devel-linux-x86_64-fedora-gcc, r-patched-solaris-x86, r-release-macos-x86_64, r-oldrel-macos-x86_64