Last updated on 2020-12-04 00:48:35 CET.
Flavor | Version | Tinstall | Tcheck | Ttotal | Status | Flags |
---|---|---|---|---|---|---|
r-devel-linux-x86_64-debian-clang | 0.1.2 | 2.53 | 33.05 | 35.58 | OK | |
r-devel-linux-x86_64-debian-gcc | 0.1.2 | 2.59 | 28.62 | 31.21 | OK | |
r-devel-linux-x86_64-fedora-clang | 0.1.2 | 48.20 | NOTE | |||
r-devel-linux-x86_64-fedora-gcc | 0.1.2 | 50.35 | NOTE | |||
r-devel-windows-ix86+x86_64 | 0.1.2 | 5.00 | 39.00 | 44.00 | OK | |
r-patched-linux-x86_64 | 0.1.2 | 2.77 | 35.73 | 38.50 | OK | |
r-patched-solaris-x86 | 0.1.2 | 64.20 | NOTE | |||
r-release-linux-x86_64 | 0.1.2 | 2.76 | 34.66 | 37.42 | OK | |
r-release-macos-x86_64 | 0.1.2 | NOTE | ||||
r-release-windows-ix86+x86_64 | 0.1.2 | 4.00 | 47.00 | 51.00 | OK | |
r-oldrel-macos-x86_64 | 0.1.2 | NOTE | ||||
r-oldrel-windows-ix86+x86_64 | 0.1.2 | 3.00 | 46.00 | 49.00 | OK |
Version: 0.1.2
Check: data for non-ASCII characters
Result: NOTE
Note: found 14 marked UTF-8 strings
Flavors: r-devel-linux-x86_64-fedora-clang, r-devel-linux-x86_64-fedora-gcc, r-patched-solaris-x86, r-release-macos-x86_64, r-oldrel-macos-x86_64