CRAN Package Check Results for Package startup

Last updated on 2020-12-04 00:48:35 CET.

Flavor Version Tinstall Tcheck Ttotal Status Flags
r-devel-linux-x86_64-debian-clang 0.15.0 3.66 37.31 40.97 OK
r-devel-linux-x86_64-debian-gcc 0.15.0 3.20 31.16 34.36 OK
r-devel-linux-x86_64-fedora-clang 0.15.0 52.55 OK
r-devel-linux-x86_64-fedora-gcc 0.15.0 46.12 OK
r-devel-windows-ix86+x86_64 0.15.0 7.00 37.00 44.00 OK
r-patched-linux-x86_64 0.15.0 4.01 34.34 38.35 OK
r-patched-solaris-x86 0.15.0 66.30 OK
r-release-linux-x86_64 0.15.0 3.65 34.19 37.84 OK
r-release-macos-x86_64 0.15.0 OK
r-release-windows-ix86+x86_64 0.15.0 6.00 49.00 55.00 OK
r-oldrel-macos-x86_64 0.15.0 NOTE
r-oldrel-windows-ix86+x86_64 0.15.0 6.00 48.00 54.00 OK

Check Details

Version: 0.15.0
Check: dependencies in R code
Result: NOTE
    No protocol specified
    No protocol specified
Flavor: r-oldrel-macos-x86_64