CRAN Package Check Results for Package starschemar

Last updated on 2020-12-04 00:48:35 CET.

Flavor Version Tinstall Tcheck Ttotal Status Flags
r-devel-linux-x86_64-debian-clang 1.2.0 8.48 98.09 106.57 OK
r-devel-linux-x86_64-debian-gcc 1.2.0 7.16 76.55 83.71 OK
r-devel-linux-x86_64-fedora-clang 1.2.0 127.05 NOTE
r-devel-linux-x86_64-fedora-gcc 1.2.0 129.52 NOTE
r-devel-windows-ix86+x86_64 1.2.0 15.00 99.00 114.00 OK
r-patched-linux-x86_64 1.2.0 7.72 95.50 103.22 OK
r-patched-solaris-x86 1.2.0 160.80 NOTE
r-release-linux-x86_64 1.2.0 6.91 97.22 104.13 OK
r-release-macos-x86_64 1.2.0 NOTE
r-release-windows-ix86+x86_64 1.2.0 12.00 120.00 132.00 OK
r-oldrel-macos-x86_64 1.2.0 NOTE
r-oldrel-windows-ix86+x86_64 1.2.0 10.00 128.00 138.00 OK

Check Details

Version: 1.2.0
Check: dependencies in R code
Result: NOTE
    Namespaces in Imports field not imported from:
     ‘pander’ ‘readr’ ‘tidyselect’
     All declared Imports should be used.
Flavors: r-devel-linux-x86_64-fedora-clang, r-devel-linux-x86_64-fedora-gcc, r-patched-solaris-x86, r-release-macos-x86_64, r-oldrel-macos-x86_64