Last updated on 2020-12-04 00:48:35 CET.
Flavor | Version | Tinstall | Tcheck | Ttotal | Status | Flags |
---|---|---|---|---|---|---|
r-devel-linux-x86_64-debian-clang | 0.4-3 | 15.17 | 291.06 | 306.23 | NOTE | |
r-devel-linux-x86_64-debian-gcc | 0.4-3 | 10.92 | 221.41 | 232.33 | NOTE | |
r-devel-linux-x86_64-fedora-clang | 0.4-3 | 365.07 | NOTE | |||
r-devel-linux-x86_64-fedora-gcc | 0.4-3 | 384.33 | NOTE | |||
r-devel-windows-ix86+x86_64 | 0.4-3 | 25.00 | 288.00 | 313.00 | NOTE | |
r-patched-linux-x86_64 | 0.4-3 | 11.95 | 281.36 | 293.31 | NOTE | |
r-patched-solaris-x86 | 0.4-3 | 530.20 | NOTE | |||
r-release-linux-x86_64 | 0.4-3 | 12.80 | 284.66 | 297.46 | NOTE | |
r-release-macos-x86_64 | 0.4-3 | NOTE | ||||
r-release-windows-ix86+x86_64 | 0.4-3 | 20.00 | 339.00 | 359.00 | NOTE | |
r-oldrel-macos-x86_64 | 0.4-3 | NOTE | ||||
r-oldrel-windows-ix86+x86_64 | 0.4-3 | 20.00 | 375.00 | 395.00 | NOTE |
Version: 0.4-3
Check: package dependencies
Result: NOTE
Package suggested but not available for checking: 'starsdata'
Flavors: r-devel-linux-x86_64-debian-clang, r-devel-linux-x86_64-debian-gcc, r-devel-linux-x86_64-fedora-clang, r-devel-linux-x86_64-fedora-gcc, r-devel-windows-ix86+x86_64, r-patched-linux-x86_64, r-patched-solaris-x86, r-release-linux-x86_64, r-release-macos-x86_64, r-release-windows-ix86+x86_64, r-oldrel-macos-x86_64, r-oldrel-windows-ix86+x86_64
Version: 0.4-3
Check: installed package size
Result: NOTE
installed size is 8.2Mb
sub-directories of 1Mb or more:
doc 1.9Mb
nc 4.5Mb
Flavors: r-devel-linux-x86_64-fedora-clang, r-devel-windows-ix86+x86_64, r-patched-solaris-x86, r-release-macos-x86_64, r-release-windows-ix86+x86_64, r-oldrel-macos-x86_64, r-oldrel-windows-ix86+x86_64