CRAN Package Check Results for Package stargazer

Last updated on 2020-12-04 00:48:35 CET.

Flavor Version Tinstall Tcheck Ttotal Status Flags
r-devel-linux-x86_64-debian-clang 5.2.2 11.43 61.81 73.24 NOTE
r-devel-linux-x86_64-debian-gcc 5.2.2 9.94 49.06 59.00 NOTE
r-devel-linux-x86_64-fedora-clang 5.2.2 99.51 NOTE
r-devel-linux-x86_64-fedora-gcc 5.2.2 89.47 NOTE
r-devel-windows-ix86+x86_64 5.2.2 17.00 62.00 79.00 OK
r-patched-linux-x86_64 5.2.2 10.92 55.17 66.09 NOTE
r-patched-solaris-x86 5.2.2 99.80 NOTE
r-release-linux-x86_64 5.2.2 11.04 57.67 68.71 NOTE
r-release-macos-x86_64 5.2.2 NOTE
r-release-windows-ix86+x86_64 5.2.2 16.00 65.00 81.00 OK
r-oldrel-macos-x86_64 5.2.2 NOTE
r-oldrel-windows-ix86+x86_64 5.2.2 17.00 80.00 97.00 OK

Check Details

Version: 5.2.2
Check: package dependencies
Result: NOTE
    Package which this enhances but not available for checking: 'Zelig'
Flavors: r-devel-linux-x86_64-debian-clang, r-devel-linux-x86_64-debian-gcc, r-devel-linux-x86_64-fedora-clang, r-devel-linux-x86_64-fedora-gcc, r-patched-linux-x86_64, r-patched-solaris-x86, r-release-linux-x86_64, r-release-macos-x86_64

Version: 5.2.2
Check: package dependencies
Result: NOTE
    Package which this enhances but not available for checking: ‘mnlogit’
Flavor: r-oldrel-macos-x86_64