CRAN Package Check Results for Package stabs

Last updated on 2020-12-04 00:48:35 CET.

Flavor Version Tinstall Tcheck Ttotal Status Flags
r-devel-linux-x86_64-debian-clang 0.6-3 3.26 79.70 82.96 NOTE
r-devel-linux-x86_64-debian-gcc 0.6-3 2.56 63.56 66.12 NOTE
r-devel-linux-x86_64-fedora-clang 0.6-3 109.52 NOTE
r-devel-linux-x86_64-fedora-gcc 0.6-3 102.90 NOTE
r-devel-windows-ix86+x86_64 0.6-3 7.00 76.00 83.00 OK
r-patched-linux-x86_64 0.6-3 3.15 84.20 87.35 NOTE
r-patched-solaris-x86 0.6-3 166.40 NOTE
r-release-linux-x86_64 0.6-3 2.52 83.90 86.42 NOTE
r-release-macos-x86_64 0.6-3 OK
r-release-windows-ix86+x86_64 0.6-3 6.00 84.00 90.00 OK
r-oldrel-macos-x86_64 0.6-3 OK
r-oldrel-windows-ix86+x86_64 0.6-3 4.00 90.00 94.00 OK

Check Details

Version: 0.6-3
Check: package dependencies
Result: NOTE
    Package suggested but not available for checking: 'QUIC'
Flavors: r-devel-linux-x86_64-debian-clang, r-devel-linux-x86_64-debian-gcc, r-devel-linux-x86_64-fedora-clang, r-devel-linux-x86_64-fedora-gcc, r-patched-linux-x86_64, r-patched-solaris-x86, r-release-linux-x86_64

Version: 0.6-3
Check: Rd cross-references
Result: NOTE
    Unknown package 'QUIC' in Rd xrefs
Flavors: r-devel-linux-x86_64-debian-clang, r-devel-linux-x86_64-debian-gcc, r-devel-linux-x86_64-fedora-clang, r-devel-linux-x86_64-fedora-gcc, r-patched-linux-x86_64, r-patched-solaris-x86, r-release-linux-x86_64