CRAN Package Check Results for Package stablelearner

Last updated on 2020-12-04 00:48:35 CET.

Flavor Version Tinstall Tcheck Ttotal Status Flags
r-devel-linux-x86_64-debian-clang 0.1-2 10.20 93.82 104.02 WARN
r-devel-linux-x86_64-debian-gcc 0.1-2 10.10 75.03 85.13 WARN
r-devel-linux-x86_64-fedora-clang 0.1-2 132.27 WARN
r-devel-linux-x86_64-fedora-gcc 0.1-2 132.08 WARN
r-devel-windows-ix86+x86_64 0.1-2 25.00 89.00 114.00 WARN
r-patched-linux-x86_64 0.1-2 10.49 107.79 118.28 OK
r-patched-solaris-x86 0.1-2 207.80 NOTE
r-release-linux-x86_64 0.1-2 10.76 111.40 122.16 OK
r-release-macos-x86_64 0.1-2 NOTE
r-release-windows-ix86+x86_64 0.1-2 19.00 141.00 160.00 OK
r-oldrel-macos-x86_64 0.1-2 NOTE
r-oldrel-windows-ix86+x86_64 0.1-2 18.00 134.00 152.00 OK

Check Details

Version: 0.1-2
Check: re-building of vignette outputs
Result: WARN
    Error(s) in re-building vignettes:
     ...
    --- re-building 'forests.Rmd' using rmarkdown
    Warning in engine$weave(file, quiet = quiet, encoding = enc) :
     The vignette engine knitr::rmarkdown is not available because the rmarkdown package is not available. Did you forget to add it to Suggests in DESCRIPTION? Please see https://github.com/yihui/knitr/issues/1864 for more information.
    Quitting from lines 130-133 (forests.Rmd)
    Error: processing vignette 'forests.Rmd' failed with diagnostics:
    first argument has length > 1
    --- failed re-building 'forests.Rmd'
    
    SUMMARY: processing the following file failed:
     'forests.Rmd'
    
    Error: Vignette re-building failed.
    Execution halted
Flavors: r-devel-linux-x86_64-debian-clang, r-devel-linux-x86_64-debian-gcc

Version: 0.1-2
Check: data for non-ASCII characters
Result: NOTE
     Note: found 123 marked UTF-8 strings
Flavors: r-devel-linux-x86_64-fedora-clang, r-devel-linux-x86_64-fedora-gcc, r-patched-solaris-x86, r-release-macos-x86_64, r-oldrel-macos-x86_64

Version: 0.1-2
Check: re-building of vignette outputs
Result: WARN
    Error(s) in re-building vignettes:
    --- re-building ‘forests.Rmd’ using rmarkdown
    Warning in engine$weave(file, quiet = quiet, encoding = enc) :
     The vignette engine knitr::rmarkdown is not available because the rmarkdown package is not available. Did you forget to add it to Suggests in DESCRIPTION? Please see https://github.com/yihui/knitr/issues/1864 for more information.
    Quitting from lines 130-133 (forests.Rmd)
    Error: processing vignette 'forests.Rmd' failed with diagnostics:
    first argument has length > 1
    --- failed re-building ‘forests.Rmd’
    
    SUMMARY: processing the following file failed:
     ‘forests.Rmd’
    
    Error: Vignette re-building failed.
    Execution halted
Flavors: r-devel-linux-x86_64-fedora-clang, r-devel-windows-ix86+x86_64

Version: 0.1-2
Check: re-building of vignette outputs
Result: WARN
    Error(s) in re-building vignettes:
    --- re-building ‘forests.Rmd’ using rmarkdown
    Quitting from lines 130-133 (forests.Rmd)
    Error: processing vignette 'forests.Rmd' failed with diagnostics:
    first argument has length > 1
    --- failed re-building ‘forests.Rmd’
    
    SUMMARY: processing the following file failed:
     ‘forests.Rmd’
    
    Error: Vignette re-building failed.
    Execution halted
Flavor: r-devel-linux-x86_64-fedora-gcc