CRAN Package Check Results for Package staRdom

Last updated on 2020-12-04 00:48:35 CET.

Flavor Version Tinstall Tcheck Ttotal Status Flags
r-devel-linux-x86_64-debian-clang 1.1.18 18.16 253.77 271.93 OK
r-devel-linux-x86_64-debian-gcc 1.1.18 16.20 190.45 206.65 OK
r-devel-linux-x86_64-fedora-clang 1.1.18 315.44 OK
r-devel-linux-x86_64-fedora-gcc 1.1.18 328.46 OK
r-devel-windows-ix86+x86_64 1.1.18 40.00 281.00 321.00 OK
r-patched-linux-x86_64 1.1.18 17.98 235.62 253.60 OK
r-patched-solaris-x86 1.1.18 504.00 NOTE
r-release-linux-x86_64 1.1.18 19.20 232.80 252.00 OK
r-release-macos-x86_64 1.1.18 OK
r-release-windows-ix86+x86_64 1.1.18 30.00 329.00 359.00 OK
r-oldrel-macos-x86_64 1.1.18 ERROR
r-oldrel-windows-ix86+x86_64 1.1.14 25.00 406.00 431.00 OK

Check Details

Version: 1.1.18
Check: installed package size
Result: NOTE
     installed size is 5.1Mb
     sub-directories of 1Mb or more:
     data 1.0Mb
     doc 2.9Mb
Flavor: r-patched-solaris-x86

Version: 1.1.18
Check: package dependencies
Result: ERROR
    Packages required and available but unsuitable versions:
     'parallel', 'graphics'
    
    See section ‘The DESCRIPTION file’ in the ‘Writing R Extensions’
    manual.
Flavor: r-oldrel-macos-x86_64