CRAN Package Check Results for Package spsurvey

Last updated on 2020-12-04 00:48:35 CET.

Flavor Version Tinstall Tcheck Ttotal Status Flags
r-devel-linux-x86_64-debian-clang 4.1.4 47.91 267.74 315.65 OK --no-vignettes
r-devel-linux-x86_64-debian-gcc 4.1.4 32.77 201.56 234.33 OK --no-vignettes
r-devel-linux-x86_64-fedora-clang 4.1.4 1284.93 OK
r-devel-linux-x86_64-fedora-gcc 4.1.4 1314.38 OK
r-devel-windows-ix86+x86_64 4.1.4 71.00 201.00 272.00 OK --no-vignettes
r-patched-linux-x86_64 4.1.4 28.31 244.69 273.00 OK --no-vignettes
r-patched-solaris-x86 4.1.4 2801.40 NOTE
r-release-linux-x86_64 4.1.4 27.66 243.60 271.26 OK --no-vignettes
r-release-macos-x86_64 4.1.4 OK
r-release-windows-ix86+x86_64 4.1.4 50.00 314.00 364.00 OK --no-vignettes
r-oldrel-macos-x86_64 4.1.4 OK
r-oldrel-windows-ix86+x86_64 4.1.4 62.00 282.00 344.00 OK --no-vignettes

Check Details

Version: 4.1.4
Check: installed package size
Result: NOTE
     installed size is 5.4Mb
     sub-directories of 1Mb or more:
     doc 2.9Mb
Flavor: r-patched-solaris-x86