Last updated on 2020-12-04 00:48:35 CET.
Flavor | Version | Tinstall | Tcheck | Ttotal | Status | Flags |
---|---|---|---|---|---|---|
r-devel-linux-x86_64-debian-clang | 1.0.0 | 286.57 | 222.72 | 509.29 | NOTE | |
r-devel-linux-x86_64-debian-gcc | 1.0.0 | 231.27 | 179.31 | 410.58 | NOTE | |
r-devel-linux-x86_64-fedora-clang | 1.0.0 | 672.80 | NOTE | |||
r-devel-linux-x86_64-fedora-gcc | 1.0.0 | 728.90 | NOTE | |||
r-devel-windows-ix86+x86_64 | 1.0.0 | 586.00 | 338.00 | 924.00 | NOTE | |
r-patched-linux-x86_64 | 1.0.0 | 210.72 | 231.60 | 442.32 | NOTE | |
r-patched-solaris-x86 | 1.0.0 | 714.80 | NOTE | |||
r-release-linux-x86_64 | 1.0.0 | 206.21 | 228.53 | 434.74 | NOTE | |
r-release-macos-x86_64 | 1.0.0 | NOTE | ||||
r-release-windows-ix86+x86_64 | 1.0.0 | 418.00 | 412.00 | 830.00 | NOTE | |
r-oldrel-macos-x86_64 | 1.0.0 | NOTE | ||||
r-oldrel-windows-ix86+x86_64 | 1.0.0 | 491.00 | 405.00 | 896.00 | NOTE |
Version: 1.0.0
Check: for GNU extensions in Makefiles
Result: NOTE
GNU make is a SystemRequirements.
Flavors: r-devel-linux-x86_64-debian-clang, r-devel-linux-x86_64-debian-gcc, r-devel-linux-x86_64-fedora-clang, r-devel-linux-x86_64-fedora-gcc, r-devel-windows-ix86+x86_64, r-patched-linux-x86_64, r-patched-solaris-x86, r-release-linux-x86_64, r-release-macos-x86_64, r-release-windows-ix86+x86_64, r-oldrel-macos-x86_64, r-oldrel-windows-ix86+x86_64
Version: 1.0.0
Check: installed package size
Result: NOTE
installed size is 57.2Mb
sub-directories of 1Mb or more:
doc 1.5Mb
libs 55.3Mb
Flavors: r-devel-linux-x86_64-fedora-clang, r-devel-windows-ix86+x86_64, r-release-macos-x86_64, r-release-windows-ix86+x86_64, r-oldrel-macos-x86_64, r-oldrel-windows-ix86+x86_64
Version: 1.0.0
Check: dependencies in R code
Result: NOTE
Namespace in Imports field not imported from: ‘rstantools’
All declared Imports should be used.
Flavors: r-devel-linux-x86_64-fedora-clang, r-devel-linux-x86_64-fedora-gcc, r-patched-solaris-x86, r-release-macos-x86_64, r-oldrel-macos-x86_64