CRAN Package Check Results for Package spreadr

Last updated on 2020-12-04 00:48:35 CET.

Flavor Version Tinstall Tcheck Ttotal Status Flags
r-devel-linux-x86_64-debian-clang 0.1.0 20.08 36.73 56.81 NOTE
r-devel-linux-x86_64-debian-gcc 0.1.0 12.52 30.95 43.47 NOTE
r-devel-linux-x86_64-fedora-clang 0.1.0 76.69 NOTE
r-devel-linux-x86_64-fedora-gcc 0.1.0 68.18 NOTE
r-devel-windows-ix86+x86_64 0.1.0 45.00 69.00 114.00 NOTE
r-patched-linux-x86_64 0.1.0 16.77 34.09 50.86 NOTE
r-patched-solaris-x86 0.1.0 80.10 NOTE
r-release-linux-x86_64 0.1.0 16.22 34.19 50.41 NOTE
r-release-macos-x86_64 0.1.0 NOTE
r-release-windows-ix86+x86_64 0.1.0 32.00 77.00 109.00 NOTE
r-oldrel-macos-x86_64 0.1.0 NOTE
r-oldrel-windows-ix86+x86_64 0.1.0 43.00 71.00 114.00 OK

Check Details

Version: 0.1.0
Check: package vignettes
Result: NOTE
    Package vignette with placeholder title 'Vignette Title':
     'spreadr_vignette.Rmd'
Flavors: r-devel-linux-x86_64-debian-clang, r-devel-linux-x86_64-debian-gcc, r-devel-windows-ix86+x86_64, r-patched-linux-x86_64, r-release-linux-x86_64, r-release-windows-ix86+x86_64

Version: 0.1.0
Check: dependencies in R code
Result: NOTE
    Namespaces in Imports field not imported from:
     ‘extrafont’ ‘ggplot2’
     All declared Imports should be used.
Flavors: r-devel-linux-x86_64-fedora-clang, r-devel-linux-x86_64-fedora-gcc, r-patched-solaris-x86, r-release-macos-x86_64, r-oldrel-macos-x86_64