CRAN Package Check Results for Package spread

Last updated on 2020-12-04 00:48:35 CET.

Flavor Version Tinstall Tcheck Ttotal Status Flags
r-devel-linux-x86_64-debian-clang 2019.8.5 23.85 61.76 85.61 OK
r-devel-linux-x86_64-debian-gcc 2019.8.5 15.57 46.18 61.75 OK
r-devel-linux-x86_64-fedora-clang 2019.8.5 108.84 NOTE
r-devel-linux-x86_64-fedora-gcc 2019.8.5 99.99 NOTE
r-devel-windows-ix86+x86_64 2019.8.5 56.00 93.00 149.00 OK
r-patched-linux-x86_64 2019.8.5 19.28 53.47 72.75 OK
r-patched-solaris-x86 2019.8.5 129.20 NOTE
r-release-linux-x86_64 2019.8.5 18.78 54.82 73.60 OK
r-release-macos-x86_64 2019.8.5 NOTE
r-release-windows-ix86+x86_64 2019.8.5 43.00 109.00 152.00 OK
r-oldrel-macos-x86_64 2019.8.5 NOTE
r-oldrel-windows-ix86+x86_64 2019.8.5 42.00 106.00 148.00 OK

Check Details

Version: 2019.8.5
Check: dependencies in R code
Result: NOTE
    Namespace in Imports field not imported from: ‘RcppProgress’
     All declared Imports should be used.
Flavors: r-devel-linux-x86_64-fedora-clang, r-devel-linux-x86_64-fedora-gcc, r-patched-solaris-x86, r-release-macos-x86_64, r-oldrel-macos-x86_64