CRAN Package Check Results for Package spnet

Last updated on 2020-12-04 00:48:35 CET.

Flavor Version Tinstall Tcheck Ttotal Status Flags
r-devel-linux-x86_64-debian-clang 0.9.1-0 11.96 65.58 77.54 OK
r-devel-linux-x86_64-debian-gcc 0.9.1-0 8.86 49.79 58.65 OK
r-devel-linux-x86_64-fedora-clang 0.9.1-0 94.71 NOTE
r-devel-linux-x86_64-fedora-gcc 0.9.1-0 93.47 NOTE
r-devel-windows-ix86+x86_64 0.9.1-0 20.00 62.00 82.00 OK
r-patched-linux-x86_64 0.9.1-0 12.20 61.26 73.46 OK
r-patched-solaris-x86 0.9.1-0 113.10 NOTE
r-release-linux-x86_64 0.9.1-0 9.98 63.70 73.68 OK
r-release-macos-x86_64 0.9.1-0 NOTE
r-release-windows-ix86+x86_64 0.9.1-0 14.00 78.00 92.00 OK
r-oldrel-macos-x86_64 0.9.1-0 NOTE
r-oldrel-windows-ix86+x86_64 0.9.1-0 13.00 75.00 88.00 OK

Check Details

Version: 0.9.1-0
Check: data for non-ASCII characters
Result: NOTE
     Note: found 1 marked UTF-8 string
Flavors: r-devel-linux-x86_64-fedora-clang, r-devel-linux-x86_64-fedora-gcc, r-patched-solaris-x86, r-release-macos-x86_64, r-oldrel-macos-x86_64

Version: 0.9.1-0
Check: installed package size
Result: NOTE
     installed size is 5.0Mb
     sub-directories of 1Mb or more:
     doc 3.6Mb
Flavor: r-patched-solaris-x86