Last updated on 2020-12-04 00:48:35 CET.
Flavor | Version | Tinstall | Tcheck | Ttotal | Status | Flags |
---|---|---|---|---|---|---|
r-devel-linux-x86_64-debian-clang | 0.1-1 | 14.08 | 138.96 | 153.04 | NOTE | |
r-devel-linux-x86_64-debian-gcc | 0.1-1 | 12.24 | 105.95 | 118.19 | NOTE | |
r-devel-linux-x86_64-fedora-clang | 0.1-1 | 190.91 | NOTE | |||
r-devel-linux-x86_64-fedora-gcc | 0.1-1 | 193.17 | NOTE | |||
r-devel-windows-ix86+x86_64 | 0.1-1 | 34.00 | 114.00 | 148.00 | OK | |
r-patched-linux-x86_64 | 0.1-1 | 15.26 | 129.79 | 145.05 | NOTE | |
r-patched-solaris-x86 | 0.1-1 | 255.80 | NOTE | |||
r-release-linux-x86_64 | 0.1-1 | 15.68 | 128.32 | 144.00 | NOTE | |
r-release-macos-x86_64 | 0.1-1 | OK | ||||
r-release-windows-ix86+x86_64 | 0.1-1 | 24.00 | 154.00 | 178.00 | OK | |
r-oldrel-macos-x86_64 | 0.1-1 | OK | ||||
r-oldrel-windows-ix86+x86_64 | 0.1-1 | 26.00 | 139.00 | 165.00 | OK |
Version: 0.1-1
Check: for non-standard things in the check directory
Result: NOTE
Found the following files/directories:
'.neig'
Flavors: r-devel-linux-x86_64-debian-clang, r-devel-linux-x86_64-debian-gcc, r-devel-linux-x86_64-fedora-clang, r-devel-linux-x86_64-fedora-gcc, r-patched-linux-x86_64, r-patched-solaris-x86, r-release-linux-x86_64