Last updated on 2020-12-04 00:48:35 CET.
Flavor | Version | Tinstall | Tcheck | Ttotal | Status | Flags |
---|---|---|---|---|---|---|
r-devel-linux-x86_64-debian-clang | 0.2.0 | 54.89 | 56.83 | 111.72 | OK | |
r-devel-linux-x86_64-debian-gcc | 0.2.0 | 34.67 | 55.15 | 89.82 | ERROR | |
r-devel-linux-x86_64-fedora-clang | 0.2.0 | 157.45 | NOTE | |||
r-devel-linux-x86_64-fedora-gcc | 0.2.0 | 137.48 | OK | |||
r-devel-windows-ix86+x86_64 | 0.2.0 | 133.00 | 82.00 | 215.00 | NOTE | |
r-patched-linux-x86_64 | 0.2.0 | 41.90 | 52.97 | 94.87 | OK | |
r-patched-solaris-x86 | 0.2.0 | 147.80 | OK | |||
r-release-linux-x86_64 | 0.2.0 | 41.80 | 50.28 | 92.08 | OK | |
r-release-macos-x86_64 | 0.2.0 | NOTE | ||||
r-release-windows-ix86+x86_64 | 0.2.0 | 104.00 | 106.00 | 210.00 | NOTE | |
r-oldrel-macos-x86_64 | 0.2.0 | NOTE | ||||
r-oldrel-windows-ix86+x86_64 | 0.2.0 | 99.00 | 104.00 | 203.00 | NOTE |
Version: 0.2.0
Check: tests
Result: ERROR
Running ‘testthat.R’ [16s/24s]
Running the tests in ‘tests/testthat.R’ failed.
Complete output:
> library(testthat)
> library(spectralGraphTopology)
>
> test_check("spectralGraphTopology")
── FAILURE (test-learnGraphTopology.R:65:3): learn_bipartite_k_component_graph c
graph$convergence is not TRUE
`actual`: FALSE
`expected`: TRUE
══ testthat results ═══════════════════════════════════════════════════════════
FAILURE (test-learnGraphTopology.R:65:3): learn_bipartite_k_component_graph can learn k-component bipartite graph
[ FAIL 1 | WARN 0 | SKIP 0 | PASS 91 ]
Error: Test failures
Execution halted
Flavor: r-devel-linux-x86_64-debian-gcc
Version: 0.2.0
Check: installed package size
Result: NOTE
installed size is 6.4Mb
sub-directories of 1Mb or more:
doc 3.1Mb
libs 2.9Mb
Flavors: r-devel-linux-x86_64-fedora-clang, r-devel-windows-ix86+x86_64, r-release-macos-x86_64, r-release-windows-ix86+x86_64, r-oldrel-macos-x86_64, r-oldrel-windows-ix86+x86_64