Last updated on 2020-12-04 00:48:35 CET.
Flavor | Version | Tinstall | Tcheck | Ttotal | Status | Flags |
---|---|---|---|---|---|---|
r-devel-linux-x86_64-debian-clang | 0.6.7 | 48.50 | 216.39 | 264.89 | OK | |
r-devel-linux-x86_64-debian-gcc | 0.6.7 | 35.50 | 161.94 | 197.44 | OK | |
r-devel-linux-x86_64-fedora-clang | 0.6.7 | 311.77 | NOTE | |||
r-devel-linux-x86_64-fedora-gcc | 0.6.7 | 311.78 | NOTE | |||
r-devel-windows-ix86+x86_64 | 0.6.7 | 100.00 | 267.00 | 367.00 | NOTE | |
r-patched-linux-x86_64 | 0.6.7 | 29.60 | 198.85 | 228.45 | OK | |
r-patched-solaris-x86 | 0.6.7 | 427.10 | NOTE | |||
r-release-linux-x86_64 | 0.6.7 | 27.71 | 200.32 | 228.03 | OK | |
r-release-macos-x86_64 | 0.6.7 | NOTE | ||||
r-release-windows-ix86+x86_64 | 0.6.7 | 72.00 | 319.00 | 391.00 | NOTE | |
r-oldrel-macos-x86_64 | 0.6.7 | NOTE | ||||
r-oldrel-windows-ix86+x86_64 | 0.6.7 | 91.00 | 324.00 | 415.00 | NOTE |
Version: 0.6.7
Check: installed package size
Result: NOTE
installed size is 6.0Mb
sub-directories of 1Mb or more:
data 4.0Mb
libs 1.2Mb
Flavors: r-devel-linux-x86_64-fedora-clang, r-devel-windows-ix86+x86_64, r-patched-solaris-x86, r-release-macos-x86_64, r-release-windows-ix86+x86_64, r-oldrel-macos-x86_64, r-oldrel-windows-ix86+x86_64
Version: 0.6.7
Check: dependencies in R code
Result: NOTE
Namespace in Imports field not imported from: ‘sp’
All declared Imports should be used.
Flavors: r-devel-linux-x86_64-fedora-clang, r-devel-linux-x86_64-fedora-gcc, r-patched-solaris-x86, r-release-macos-x86_64, r-oldrel-macos-x86_64
Version: 0.6.7
Check: data for non-ASCII characters
Result: NOTE
Note: found 25 marked Latin-1 strings
Note: found 335 marked UTF-8 strings
Flavors: r-devel-linux-x86_64-fedora-clang, r-devel-linux-x86_64-fedora-gcc, r-patched-solaris-x86, r-release-macos-x86_64, r-oldrel-macos-x86_64