CRAN Package Check Results for Package sparsereg

Last updated on 2020-12-04 00:48:34 CET.

Flavor Version Tinstall Tcheck Ttotal Status Flags
r-devel-linux-x86_64-debian-clang 1.2 74.90 111.96 186.86 OK
r-devel-linux-x86_64-debian-gcc 1.2 50.31 85.63 135.94 OK
r-devel-linux-x86_64-fedora-clang 1.2 249.04 NOTE
r-devel-linux-x86_64-fedora-gcc 1.2 232.85 NOTE
r-devel-windows-ix86+x86_64 1.2 169.00 145.00 314.00 OK
r-patched-linux-x86_64 1.2 60.41 105.14 165.55 OK
r-patched-solaris-x86 1.2 282.50 OK
r-release-linux-x86_64 1.2 59.84 106.29 166.13 OK
r-release-macos-x86_64 1.2 OK
r-release-windows-ix86+x86_64 1.2 128.00 168.00 296.00 OK
r-oldrel-macos-x86_64 1.2 OK
r-oldrel-windows-ix86+x86_64 1.2 155.00 166.00 321.00 OK

Check Details

Version: 1.2
Check: compiled code
Result: NOTE
    File ‘sparsereg/libs/sparsereg.so’:
     Found no calls to: ‘R_registerRoutines’, ‘R_useDynamicSymbols’
    
    It is good practice to register native routines and to disable symbol
    search.
    
    See ‘Writing portable packages’ in the ‘Writing R Extensions’ manual.
Flavors: r-devel-linux-x86_64-fedora-clang, r-devel-linux-x86_64-fedora-gcc