CRAN Package Check Results for Package sparseLTSEigen

Last updated on 2020-12-04 00:48:34 CET.

Flavor Version Tinstall Tcheck Ttotal Status Flags
r-devel-linux-x86_64-debian-clang 0.2.0.1 82.56 80.16 162.72 OK
r-devel-linux-x86_64-debian-gcc 0.2.0.1 56.97 62.64 119.61 OK
r-devel-linux-x86_64-fedora-clang 0.2.0.1 226.28 NOTE
r-devel-linux-x86_64-fedora-gcc 0.2.0.1 204.48 NOTE
r-devel-windows-ix86+x86_64 0.2.0.1 179.00 114.00 293.00 OK
r-patched-linux-x86_64 0.2.0.1 66.24 76.99 143.23 OK
r-patched-solaris-x86 0.2.0.1 221.30 OK
r-release-linux-x86_64 0.2.0.1 71.16 74.62 145.78 OK
r-release-macos-x86_64 0.2.0.1 NOTE
r-release-windows-ix86+x86_64 0.2.0.1 136.00 141.00 277.00 OK
r-oldrel-macos-x86_64 0.2.0.1 NOTE
r-oldrel-windows-ix86+x86_64 0.2.0.1 146.00 125.00 271.00 OK

Check Details

Version: 0.2.0.1
Check: installed package size
Result: NOTE
     installed size is 16.7Mb
     sub-directories of 1Mb or more:
     libs 16.5Mb
Flavors: r-devel-linux-x86_64-fedora-clang, r-release-macos-x86_64, r-oldrel-macos-x86_64

Version: 0.2.0.1
Check: compiled code
Result: NOTE
    File ‘sparseLTSEigen/libs/sparseLTSEigen.so’:
     Found no calls to: ‘R_registerRoutines’, ‘R_useDynamicSymbols’
    
    It is good practice to register native routines and to disable symbol
    search.
    
    See ‘Writing portable packages’ in the ‘Writing R Extensions’ manual.
Flavors: r-devel-linux-x86_64-fedora-clang, r-devel-linux-x86_64-fedora-gcc