CRAN Package Check Results for Package sparr

Last updated on 2020-12-04 00:48:34 CET.

Flavor Version Tinstall Tcheck Ttotal Status Flags
r-devel-linux-x86_64-debian-clang 2.2-13 19.20 122.05 141.25 OK
r-devel-linux-x86_64-debian-gcc 2.2-13 14.37 96.40 110.77 OK
r-devel-linux-x86_64-fedora-clang 2.2-13 181.43 NOTE
r-devel-linux-x86_64-fedora-gcc 2.2-13 170.13 OK
r-devel-windows-ix86+x86_64 2.2-13 27.00 110.00 137.00 OK
r-patched-linux-x86_64 2.2-13 17.35 115.46 132.81 OK
r-patched-solaris-x86 2.2-13 234.40 OK
r-release-linux-x86_64 2.2-13 18.52 116.20 134.72 OK
r-release-macos-x86_64 2.2-13 OK
r-release-windows-ix86+x86_64 2.2-13 21.00 136.00 157.00 OK
r-oldrel-macos-x86_64 2.2-13 OK
r-oldrel-windows-ix86+x86_64 2.2-13 21.00 131.00 152.00 OK

Check Details

Version: 2.2-13
Check: Rd cross-references
Result: NOTE
    Undeclared packages ‘splancs’, ‘spatstat.data’ in Rd xrefs
Flavor: r-devel-linux-x86_64-fedora-clang