Last updated on 2020-12-04 00:48:34 CET.
Flavor | Version | Tinstall | Tcheck | Ttotal | Status | Flags |
---|---|---|---|---|---|---|
r-devel-linux-x86_64-debian-clang | 1.5.1 | 30.48 | 161.21 | 191.69 | OK | |
r-devel-linux-x86_64-debian-gcc | 1.5.1 | 26.56 | 120.56 | 147.12 | OK | |
r-devel-linux-x86_64-fedora-clang | 1.5.1 | 253.49 | NOTE | |||
r-devel-linux-x86_64-fedora-gcc | 1.5.1 | 232.74 | NOTE | |||
r-devel-windows-ix86+x86_64 | 1.5.1 | 55.00 | 180.00 | 235.00 | NOTE | |
r-patched-linux-x86_64 | 1.5.1 | 31.66 | 151.12 | 182.78 | OK | |
r-patched-solaris-x86 | 1.5.1 | 255.10 | NOTE | |||
r-release-linux-x86_64 | 1.5.1 | 29.96 | 151.83 | 181.79 | OK | |
r-release-macos-x86_64 | 1.5.1 | NOTE | ||||
r-release-windows-ix86+x86_64 | 1.5.0 | 40.00 | 165.00 | 205.00 | NOTE | |
r-oldrel-macos-x86_64 | 1.5.1 | NOTE | ||||
r-oldrel-windows-ix86+x86_64 | 1.5.1 | 41.00 | 179.00 | 220.00 | NOTE |
Version: 1.5.1
Check: package dependencies
Result: NOTE
Imports includes 30 non-default packages.
Importing from so many packages makes the package vulnerable to any of
them becoming unavailable. Move as many as possible to Suggests and
use conditionally.
Flavor: r-devel-linux-x86_64-fedora-clang
Version: 1.5.1
Check: installed package size
Result: NOTE
installed size is 5.5Mb
sub-directories of 1Mb or more:
R 1.4Mb
java 2.9Mb
Flavors: r-devel-linux-x86_64-fedora-clang, r-devel-windows-ix86+x86_64, r-patched-solaris-x86, r-release-macos-x86_64, r-oldrel-macos-x86_64, r-oldrel-windows-ix86+x86_64
Version: 1.5.1
Check: dependencies in R code
Result: NOTE
Namespace in Imports field not imported from: ‘lifecycle’
All declared Imports should be used.
Flavors: r-devel-linux-x86_64-fedora-clang, r-devel-linux-x86_64-fedora-gcc, r-patched-solaris-x86, r-release-macos-x86_64, r-oldrel-macos-x86_64
Version: 1.5.1
Check: package dependencies
Result: NOTE
Package suggested but not available for checking: ‘arrow’
Flavor: r-patched-solaris-x86
Version: 1.5.0
Check: installed package size
Result: NOTE
installed size is 5.4Mb
sub-directories of 1Mb or more:
R 1.4Mb
java 2.9Mb
Flavor: r-release-windows-ix86+x86_64