CRAN Package Check Results for Package sparkline

Last updated on 2020-12-04 00:48:34 CET.

Flavor Version Tinstall Tcheck Ttotal Status Flags
r-devel-linux-x86_64-debian-clang 2.0 2.66 28.75 31.41 OK
r-devel-linux-x86_64-debian-gcc 2.0 2.37 22.60 24.97 OK
r-devel-linux-x86_64-fedora-clang 2.0 42.83 OK
r-devel-linux-x86_64-fedora-gcc 2.0 34.01 OK
r-devel-windows-ix86+x86_64 2.0 6.00 34.00 40.00 OK
r-patched-linux-x86_64 2.0 2.49 29.10 31.59 OK
r-patched-solaris-x86 2.0 56.50 WARN
r-release-linux-x86_64 2.0 3.01 30.67 33.68 OK
r-release-macos-x86_64 2.0 WARN
r-release-windows-ix86+x86_64 2.0 4.00 41.00 45.00 OK
r-oldrel-macos-x86_64 2.0 WARN
r-oldrel-windows-ix86+x86_64 2.0 4.00 42.00 46.00 OK

Check Details

Version: 2.0
Check: re-building of vignette outputs
Result: WARN
    Error(s) in re-building vignettes:
     ...
    --- re-building ‘intro_sparkline.Rmd’ using rmarkdown
    Warning in engine$weave(file, quiet = quiet, encoding = enc) :
     Pandoc (>= 1.12.3) and/or pandoc-citeproc not available. Falling back to R Markdown v1.
    Quitting from lines 20-30 (intro_sparkline.Rmd)
    Error: processing vignette 'intro_sparkline.Rmd' failed with diagnostics:
    there is no package called 'webshot'
    --- failed re-building ‘intro_sparkline.Rmd’
    
    SUMMARY: processing the following file failed:
     ‘intro_sparkline.Rmd’
    
    Error: Vignette re-building failed.
    Execution halted
Flavor: r-patched-solaris-x86

Version: 2.0
Check: re-building of vignette outputs
Result: WARN
    Error(s) in re-building vignettes:
     ...
    --- re-building ‘intro_sparkline.Rmd’ using rmarkdown
    Warning in engine$weave(file, quiet = quiet, encoding = enc) :
     Pandoc (>= 1.12.3) and/or pandoc-citeproc not available. Falling back to R Markdown v1.
    PhantomJS not found. You can install it with webshot::install_phantomjs(). If it is installed, please make sure the phantomjs executable can be found via the PATH variable.
    Warning in normalizePath(f2) :
     path[1]="webshot9895bb23bf.png": No such file or directory
    Warning in file(con, "rb") :
     cannot open file 'webshot9895bb23bf.png': No such file or directory
    Quitting from lines 20-30 (intro_sparkline.Rmd)
    Error: processing vignette 'intro_sparkline.Rmd' failed with diagnostics:
    cannot open the connection
    --- failed re-building ‘intro_sparkline.Rmd’
    
    SUMMARY: processing the following file failed:
     ‘intro_sparkline.Rmd’
    
    Error: Vignette re-building failed.
    Execution halted
Flavor: r-release-macos-x86_64

Version: 2.0
Check: re-building of vignette outputs
Result: WARN
    Error(s) in re-building vignettes:
     ...
    --- re-building ‘intro_sparkline.Rmd’ using rmarkdown
    Warning in engine$weave(file, quiet = quiet, encoding = enc) :
     Pandoc (>= 1.12.3) and/or pandoc-citeproc not available. Falling back to R Markdown v1.
    PhantomJS not found. You can install it with webshot::install_phantomjs(). If it is installed, please make sure the phantomjs executable can be found via the PATH variable.
    Warning in normalizePath(f2) :
     path[1]="webshot4c28b900111.png": No such file or directory
    Warning in file(con, "rb") :
     cannot open file 'webshot4c28b900111.png': No such file or directory
    Quitting from lines 20-30 (intro_sparkline.Rmd)
    Error: processing vignette 'intro_sparkline.Rmd' failed with diagnostics:
    cannot open the connection
    --- failed re-building ‘intro_sparkline.Rmd’
    
    SUMMARY: processing the following file failed:
     ‘intro_sparkline.Rmd’
    
    Error: Vignette re-building failed.
    Execution halted
Flavor: r-oldrel-macos-x86_64